157.55.39.45 - - [17/Mar/2017:18:21:27 -0400] "GET /sites/all/modules/ctools/css/ctools.css?mx1aco HTTP/1.1" 200 509 "-" "Mozilla/5.0 (compatible; bingbot/2.0; +http://www.bing.com/bingbot.htm)"
157.55.39.45 - - [17/Mar/2017:18:21:27 -0400] "GET /sites/all/modules/views_slideshow/contrib/views_slideshow_cycle/js/views_slideshow_cycle.js?mx1aco HTTP/1.1" 200 22528 "-" "Mozilla/5.0 (compatible; bingbot/2.0; +http://www.bing.com/bingbot.htm)"
157.55.39.45 - - [17/Mar/2017:18:21:28 -0400] "GET /sites/all/modules/views_slideshow/js/views_slideshow.js?mx1aco HTTP/1.1" 200 19256 "-" "Mozilla/5.0 (compatible; bingbot/2.0; +http://www.bing.com/bingbot.htm)"
157.55.39.45 - - [17/Mar/2017:18:28:13 -0400] "GET /sites/all/modules/views_slideshow/views_slideshow.css?mx1aco HTTP/1.1" 200 155 "-" "Mozilla/5.0 (compatible; bingbot/2.0; +http://www.bing.com/bingbot.htm)"
157.55.39.45 - - [17/Mar/2017:18:28:23 -0400] "GET /sites/all/themes/adaptivetheme/at_core/css/at.layout.css?mx1aco HTTP/1.1" 200 688 "-" "Mozilla/5.0 (compatible; bingbot/2.0; +http://www.bing.com/bingbot.htm)"
157.55.39.45 - - [17/Mar/2017:18:28:32 -0400] "GET /sites/all/themes/richtek/css/responsive.smartphone.portrait.css?mx1aco HTTP/1.1" 200 1348 "-" "Mozilla/5.0 (compatible; bingbot/2.0; +http://www.bing.com/bingbot.htm)"
157.55.39.45 - - [17/Mar/2017:18:32:59 -0400] "GET /sites/all/themes/richtek/css/responsive.tablet.landscape.css?mx1aco HTTP/1.1" 200 351 "-" "Mozilla/5.0 (compatible; bingbot/2.0; +http://www.bing.com/bingbot.htm)"
62.138.0.25 - - [17/Mar/2017:18:43:08 -0400] "GET / HTTP/1.1" 200 17094 "-" "Mozilla/5.0 (Windows NT 6.3; WOW64) AppleWebKit/537.36 (KHTML, like Gecko) Chrome/38.0.2125.104 Safari/537.36"
62.138.0.25 - - [17/Mar/2017:18:43:08 -0400] "GET / HTTP/1.1" 200 17094 "-" "Mozilla/5.0 (Windows NT 6.3; WOW64) AppleWebKit/537.36 (KHTML, like Gecko) Chrome/38.0.2125.104 Safari/537.36"
157.55.39.45 - - [17/Mar/2017:19:08:27 -0400] "GET /sites/all/modules/views_slideshow/views_slideshow.css?mx1aco HTTP/1.1" 200 155 "-" "Mozilla/5.0 (compatible; bingbot/2.0; +http://www.bing.com/bingbot.htm)"
157.55.39.45 - - [17/Mar/2017:19:08:36 -0400] "GET /sites/all/themes/adaptivetheme/at_core/css/at.layout.css?mx1aco HTTP/1.1" 200 688 "-" "Mozilla/5.0 (compatible; bingbot/2.0; +http://www.bing.com/bingbot.htm)"
157.55.39.45 - - [17/Mar/2017:19:08:46 -0400] "GET /sites/all/themes/richtek/css/responsive.smartphone.portrait.css?mx1aco HTTP/1.1" 200 1348 "-" "Mozilla/5.0 (compatible; bingbot/2.0; +http://www.bing.com/bingbot.htm)"
157.55.39.229 - - [17/Mar/2017:19:09:29 -0400] "GET /sites/default/files/adaptivetheme/richtek_files/richtek.responsive.layout.css?mx1aco HTTP/1.1" 200 7863 "-" "Mozilla/5.0 (compatible; bingbot/2.0; +http://www.bing.com/bingbot.htm)"
207.46.13.28 - - [17/Mar/2017:19:09:40 -0400] "GET /sites/all/modules/admin_menu/admin_devel/admin_devel.js?mx1aco HTTP/1.1" 200 982 "-" "Mozilla/5.0 (compatible; bingbot/2.0; +http://www.bing.com/bingbot.htm)"
207.46.13.181 - - [17/Mar/2017:19:11:03 -0400] "GET /sites/all/themes/richtek/css/responsive.smartphone.landscape.css?mx1aco HTTP/1.1" 200 1348 "-" "Mozilla/5.0 (compatible; bingbot/2.0; +http://www.bing.com/bingbot.htm)"
66.249.75.38 - - [17/Mar/2017:19:24:58 -0400] "GET / HTTP/1.1" 200 17094 "-" "Mozilla/5.0 (Linux; Android 6.0.1; Nexus 5X Build/MMB29P) AppleWebKit/537.36 (KHTML, like Gecko) Chrome/41.0.2272.96 Mobile Safari/537.36 (compatible; Googlebot/2.1; +http://www.google.com/bot.html)"
207.46.13.198 - - [17/Mar/2017:19:41:31 -0400] "GET /robots.txt HTTP/1.1" 200 1561 "-" "Mozilla/5.0 (compatible; bingbot/2.0; +http://www.bing.com/bingbot.htm)"
163.172.65.48 - - [17/Mar/2017:19:42:11 -0400] "GET /sites/default/files/styles/840/public/photos/diffuser%20in%20action%20001.jpg?itok=Khe_ibk5 HTTP/1.1" 200 109242 "-" "Mozilla/5.0 (compatible; AhrefsBot/5.2; +http://ahrefs.com/robot/)"
180.76.15.134 - - [17/Mar/2017:20:53:55 -0400] "GET / HTTP/1.1" 200 17094 "-" "Mozilla/5.0 (compatible; Baiduspider/2.0; +http://www.baidu.com/search/spider.html)"
180.76.15.33 - - [17/Mar/2017:20:55:34 -0400] "GET / HTTP/1.1" 200 17094 "-" "Mozilla/5.0 (compatible; Baiduspider/2.0; +http://www.baidu.com/search/spider.html)"
64.120.30.154 - - [17/Mar/2017:21:10:30 -0400] "HEAD / HTTP/1.1" 200 - "http://uptime.com/richtek.ca" "Mozilla/5.0 (compatible; Uptimebot/1.0; +http://www.uptime.com/uptimebot)"
62.210.81.114 - - [17/Mar/2017:21:20:37 -0400] "GET /wp-login.php HTTP/1.1" 404 14888 "http://www.richtek.ca/wp-login.php" "Mozilla/4.0 (compatible; MSIE 9.0; Windows NT 6.1; 125LA; .NET CLR 2.0.50727; .NET CLR 3.0.04506.648; .NET CLR 3.5.21022)"
62.210.81.114 - - [17/Mar/2017:21:20:42 -0400] "GET /wp-login.php HTTP/1.1" 404 14888 "http://www.richtek.ca/wp-login.php" "Mozilla/4.0 (compatible; MSIE 9.0; Windows NT 6.1; 125LA; .NET CLR 2.0.50727; .NET CLR 3.0.04506.648; .NET CLR 3.5.21022)"
125.89.69.221 - - [17/Mar/2017:21:21:24 -0400] "GET //phpmyadmin HTTP/1.1" 404 14884 "http://www.richtek.ca//phpmyadmin" "Mozilla/4.0 (compatible; MSIE 9.0; Windows NT 6.1)"
162.210.196.100 - - [17/Mar/2017:22:43:44 -0400] "GET /robots.txt HTTP/1.1" 200 1561 "-" "Mozilla/5.0 (compatible; MJ12bot/v1.4.8; http://mj12bot.com/)"
162.210.196.100 - - [17/Mar/2017:22:43:55 -0400] "GET / HTTP/1.1" 200 16942 "-" "Mozilla/5.0 (compatible; MJ12bot/v1.4.8; http://mj12bot.com/)"
162.210.196.100 - - [17/Mar/2017:22:44:07 -0400] "GET /links HTTP/1.1" 200 20051 "-" "Mozilla/5.0 (compatible; MJ12bot/v1.4.8; http://mj12bot.com/)"
162.210.196.100 - - [17/Mar/2017:22:44:08 -0400] "GET /robots.txt HTTP/1.1" 200 1561 "-" "Mozilla/5.0 (compatible; MJ12bot/v1.4.8; http://mj12bot.com/)"
162.210.196.100 - - [17/Mar/2017:22:44:19 -0400] "GET / HTTP/1.1" 200 17094 "-" "Mozilla/5.0 (compatible; MJ12bot/v1.4.8; http://mj12bot.com/)"
207.46.13.181 - - [17/Mar/2017:23:31:01 -0400] "GET /booster-systems HTTP/1.1" 200 16744 "-" "Mozilla/5.0 (compatible; bingbot/2.0; +http://www.bing.com/bingbot.htm)"
173.234.164.8 - - [18/Mar/2017:00:24:53 -0400] "HEAD / HTTP/1.1" 200 - "http://uptime.com/richtek.ca" "Mozilla/5.0 (compatible; Uptimebot/1.0; +http://www.uptime.com/uptimebot)"
47.150.129.197 - - [18/Mar/2017:01:39:53 -0400] "GET / HTTP/1.1" 200 17094 "-" "Mozilla/5.0 (Windows NT 6.3; WOW64; rv:45.0) Gecko/20100101 Firefox/45.0"
62.138.0.25 - - [18/Mar/2017:02:17:08 -0400] "GET / HTTP/1.1" 200 17094 "-" "Mozilla/5.0 (Windows NT 6.3; WOW64) AppleWebKit/537.36 (KHTML, like Gecko) Chrome/38.0.2125.104 Safari/537.36"
62.138.0.25 - - [18/Mar/2017:02:17:09 -0400] "GET / HTTP/1.1" 200 17094 "-" "Mozilla/5.0 (Windows NT 6.3; WOW64) AppleWebKit/537.36 (KHTML, like Gecko) Chrome/38.0.2125.104 Safari/537.36"
66.249.69.227 - - [18/Mar/2017:02:28:29 -0400] "GET / HTTP/1.1" 200 16942 "-" "Mozilla/5.0 (Linux; Android 6.0.1; Nexus 5X Build/MMB29P) AppleWebKit/537.36 (KHTML, like Gecko) Chrome/41.0.2272.96 Mobile Safari/537.36 (compatible; Googlebot/2.1; +http://www.google.com/bot.html)"
62.138.0.25 - - [18/Mar/2017:02:49:45 -0400] "GET / HTTP/1.1" 200 17094 "-" "Mozilla/5.0 (Windows NT 6.3; WOW64) AppleWebKit/537.36 (KHTML, like Gecko) Chrome/38.0.2125.104 Safari/537.36"
62.138.0.25 - - [18/Mar/2017:02:49:46 -0400] "GET / HTTP/1.1" 200 17094 "-" "Mozilla/5.0 (Windows NT 6.3; WOW64) AppleWebKit/537.36 (KHTML, like Gecko) Chrome/38.0.2125.104 Safari/537.36"
207.46.13.249 - - [18/Mar/2017:02:50:33 -0400] "GET /robots.txt HTTP/1.1" 200 1561 "-" "Mozilla/5.0 (compatible; bingbot/2.0; +http://www.bing.com/bingbot.htm)"
40.77.167.118 - - [18/Mar/2017:02:50:37 -0400] "GET /sites/all/themes/richtek/css/responsive.tablet.portrait.css?mx1aco HTTP/1.1" 200 410 "-" "Mozilla/5.0 (compatible; bingbot/2.0; +http://www.bing.com/bingbot.htm)"
40.77.167.118 - - [18/Mar/2017:02:50:37 -0400] "GET /sites/all/modules/admin_menu/admin_devel/admin_devel.js?mx1aco HTTP/1.1" 200 982 "-" "Mozilla/5.0 (compatible; bingbot/2.0; +http://www.bing.com/bingbot.htm)"
40.77.167.122 - - [18/Mar/2017:02:50:43 -0400] "GET /sites/all/themes/richtek/css/responsive.smartphone.portrait.css?mx1aco HTTP/1.1" 200 1348 "-" "Mozilla/5.0 (compatible; bingbot/2.0; +http://www.bing.com/bingbot.htm)"
40.77.167.122 - - [18/Mar/2017:02:50:43 -0400] "GET /sites/all/themes/richtek/css/responsive.tablet.landscape.css?mx1aco HTTP/1.1" 200 351 "-" "Mozilla/5.0 (compatible; bingbot/2.0; +http://www.bing.com/bingbot.htm)"
40.77.167.122 - - [18/Mar/2017:02:50:43 -0400] "GET /sites/all/modules/views_slideshow/js/views_slideshow.js?mx1aco HTTP/1.1" 200 19256 "-" "Mozilla/5.0 (compatible; bingbot/2.0; +http://www.bing.com/bingbot.htm)"
93.174.93.133 - - [18/Mar/2017:03:28:54 -0400] "GET / HTTP/1.1" 200 16942 "http://hvd-store.com/" "Mozilla/5.0 (X11; Linux x86_64) AppleWebKit/537.36 (KHTML, like Gecko) Chrome/37.0.2062.120 Safari/537.36"
180.76.15.154 - - [18/Mar/2017:03:47:54 -0400] "GET / HTTP/1.1" 200 16942 "-" "Mozilla/5.0 (compatible; Baiduspider/2.0; +http://www.baidu.com/search/spider.html)"
180.76.15.158 - - [18/Mar/2017:03:49:17 -0400] "GET / HTTP/1.1" 200 16942 "-" "Mozilla/5.0 (compatible; Baiduspider/2.0; +http://www.baidu.com/search/spider.html)"
40.77.167.118 - - [18/Mar/2017:03:52:54 -0400] "GET /sites/all/themes/richtek/css/global.base.css?mx1aco HTTP/1.1" 200 13275 "-" "Mozilla/5.0 (compatible; bingbot/2.0; +http://www.bing.com/bingbot.htm)"
180.76.15.12 - - [18/Mar/2017:04:10:30 -0400] "GET /sites/all/themes/richtek/css/global.base.css?mx1aco HTTP/1.1" 200 13275 "-" "Mozilla/5.0 (compatible; Baiduspider/2.0; +http://www.baidu.com/search/spider.html)"
66.249.75.41 - - [18/Mar/2017:05:16:09 -0400] "GET / HTTP/1.1" 200 17094 "-" "Mozilla/5.0 (Linux; Android 6.0.1; Nexus 5X Build/MMB29P) AppleWebKit/537.36 (KHTML, like Gecko) Chrome/41.0.2272.96 Mobile Safari/537.36 (compatible; Googlebot/2.1; +http://www.google.com/bot.html)"
180.76.15.156 - - [18/Mar/2017:05:53:21 -0400] "GET / HTTP/1.1" 200 17094 "-" "Mozilla/5.0 (compatible; Baiduspider/2.0; +http://www.baidu.com/search/spider.html)"
180.76.15.18 - - [18/Mar/2017:05:55:02 -0400] "GET / HTTP/1.1" 200 17094 "-" "Mozilla/5.0 (compatible; Baiduspider/2.0; +http://www.baidu.com/search/spider.html)"
40.77.167.122 - - [18/Mar/2017:06:22:45 -0400] "GET / HTTP/1.1" 200 16942 "-" "Mozilla/5.0 (compatible; bingbot/2.0; +http://www.bing.com/bingbot.htm)"
66.249.69.231 - - [18/Mar/2017:06:44:49 -0400] "GET / HTTP/1.1" 200 16942 "-" "Mozilla/5.0 (Linux; Android 6.0.1; Nexus 5X Build/MMB29P) AppleWebKit/537.36 (KHTML, like Gecko) Chrome/41.0.2272.96 Mobile Safari/537.36 (compatible; Googlebot/2.1; +http://www.google.com/bot.html)"
100.43.85.9 - - [18/Mar/2017:06:51:17 -0400] "GET /robots.txt HTTP/1.1" 200 1561 "-" "Mozilla/5.0 (compatible; YandexBot/3.0; +http://yandex.com/bots)"
77.88.47.39 - - [18/Mar/2017:06:51:17 -0400] "GET /robots.txt HTTP/1.1" 200 1561 "-" "Mozilla/5.0 (compatible; YandexBot/3.0; +http://yandex.com/bots)"
100.43.85.9 - - [18/Mar/2017:06:51:37 -0400] "GET / HTTP/1.1" 200 16942 "-" "Mozilla/5.0 (compatible; YandexBot/3.0; +http://yandex.com/bots)"
77.88.47.39 - - [18/Mar/2017:06:51:36 -0400] "GET / HTTP/1.1" 200 17094 "-" "Mozilla/5.0 (compatible; YandexBot/3.0; +http://yandex.com/bots)"
180.76.15.32 - - [18/Mar/2017:06:53:23 -0400] "GET / HTTP/1.1" 200 17094 "-" "Mozilla/5.0 (compatible; Baiduspider/2.0; +http://www.baidu.com/search/spider.html)"
180.76.15.144 - - [18/Mar/2017:06:54:59 -0400] "GET / HTTP/1.1" 200 17094 "-" "Mozilla/5.0 (compatible; Baiduspider/2.0; +http://www.baidu.com/search/spider.html)"
180.76.15.6 - - [18/Mar/2017:07:02:52 -0400] "GET /history HTTP/1.1" 200 18061 "-" "Mozilla/5.0 (compatible; Baiduspider/2.0; +http://www.baidu.com/search/spider.html)"
91.200.12.29 - - [18/Mar/2017:07:28:36 -0400] "HEAD /plus/flink_add.php HTTP/1.1" 404 - "-" "Mozilla/4.0 (compatible; MSIE 8.0; Windows NT 6.1; Trident/4.0)"
46.105.31.30 - - [18/Mar/2017:07:41:11 -0400] "GET / HTTP/1.1" 200 16942 "-" "Mozilla/5.0 (Windows NT 10.0; WOW64) AppleWebKit/537.36 (KHTML, like Gecko) Chrome/52.0.2743.116 Safari/537.36"
66.249.75.44 - - [18/Mar/2017:08:31:29 -0400] "GET / HTTP/1.1" 200 17094 "-" "Mozilla/5.0 (Linux; Android 6.0.1; Nexus 5X Build/MMB29P) AppleWebKit/537.36 (KHTML, like Gecko) Chrome/41.0.2272.96 Mobile Safari/537.36 (compatible; Googlebot/2.1; +http://www.google.com/bot.html)"
180.76.15.163 - - [18/Mar/2017:08:44:57 -0400] "GET /sites/all/modules/views_slideshow/contrib/views_slideshow_cycle/views_slideshow_cycle.css?mx1aco HTTP/1.1" 200 550 "-" "Mozilla/5.0 (compatible; Baiduspider/2.0; +http://www.baidu.com/search/spider.html)"
177.232.35.237 - - [18/Mar/2017:09:17:49 -0400] "GET /sites/default/files/styles/840/public/photos/hose%20monster%20005.jpg?itok=avcPvMRR HTTP/1.1" 200 132281 "https://www.google.com.mx/" "Mozilla/5.0 (Macintosh; Intel Mac OS X 10_11_6) AppleWebKit/537.36 (KHTML, like Gecko) Chrome/56.0.2924.87 Safari/537.36"
180.76.15.21 - - [18/Mar/2017:09:18:17 -0400] "GET /sites/all/modules/admin_menu/admin_devel/admin_devel.js HTTP/1.1" 200 982 "-" "Mozilla/5.0 (compatible; Baiduspider/2.0; +http://www.baidu.com/search/spider.html)"
66.249.69.227 - - [18/Mar/2017:09:47:49 -0400] "GET / HTTP/1.1" 200 16942 "-" "Mozilla/5.0 (Linux; Android 6.0.1; Nexus 5X Build/MMB29P) AppleWebKit/537.36 (KHTML, like Gecko) Chrome/41.0.2272.96 Mobile Safari/537.36 (compatible; Googlebot/2.1; +http://www.google.com/bot.html)"
180.76.15.14 - - [18/Mar/2017:10:33:38 -0400] "GET /sites/all/themes/richtek/css/global.styles.css?mx1aco HTTP/1.1" 200 33798 "-" "Mozilla/5.0 (compatible; Baiduspider/2.0; +http://www.baidu.com/search/spider.html)"
66.249.75.38 - - [18/Mar/2017:10:41:28 -0400] "GET / HTTP/1.1" 200 17094 "-" "Mozilla/5.0 (compatible; Googlebot/2.1; +http://www.google.com/bot.html)"
173.162.226.163 - - [18/Mar/2017:10:52:49 -0400] "GET / HTTP/1.1" 200 17094 "https://www.google.com/" "Mozilla/5.0 (Windows NT 6.1; WOW64) AppleWebKit/537.36 (KHTML, like Gecko) Chrome/49.0.2623.108 Safari/537.36"
173.162.226.163 - - [18/Mar/2017:10:52:52 -0400] "GET /favicon.ico HTTP/1.1" 404 294 "http://www.richtek.ca/" "Mozilla/5.0 (Windows NT 6.1; WOW64) AppleWebKit/537.36 (KHTML, like Gecko) Chrome/49.0.2623.108 Safari/537.36"
108.180.76.44 - - [18/Mar/2017:11:01:30 -0400] "GET / HTTP/1.1" 200 17094 "https://www.google.ca/" "Mozilla/5.0 (iPhone; CPU iPhone OS 10_2_1 like Mac OS X) AppleWebKit/602.4.6 (KHTML, like Gecko) Version/10.0 Mobile/14D27 Safari/602.1"
108.180.76.44 - - [18/Mar/2017:11:01:33 -0400] "GET /modules/system/system.messages.css?mx1aco HTTP/1.1" 200 961 "http://www.richtek.ca/" "Mozilla/5.0 (iPhone; CPU iPhone OS 10_2_1 like Mac OS X) AppleWebKit/602.4.6 (KHTML, like Gecko) Version/10.0 Mobile/14D27 Safari/602.1"
108.180.76.44 - - [18/Mar/2017:11:01:33 -0400] "GET /modules/system/system.theme.css?mx1aco HTTP/1.1" 200 3711 "http://www.richtek.ca/" "Mozilla/5.0 (iPhone; CPU iPhone OS 10_2_1 like Mac OS X) AppleWebKit/602.4.6 (KHTML, like Gecko) Version/10.0 Mobile/14D27 Safari/602.1"
108.180.76.44 - - [18/Mar/2017:11:01:33 -0400] "GET /modules/system/system.menus.css?mx1aco HTTP/1.1" 200 2035 "http://www.richtek.ca/" "Mozilla/5.0 (iPhone; CPU iPhone OS 10_2_1 like Mac OS X) AppleWebKit/602.4.6 (KHTML, like Gecko) Version/10.0 Mobile/14D27 Safari/602.1"
108.180.76.44 - - [18/Mar/2017:11:01:33 -0400] "GET /modules/system/system.base.css?mx1aco HTTP/1.1" 200 5350 "http://www.richtek.ca/" "Mozilla/5.0 (iPhone; CPU iPhone OS 10_2_1 like Mac OS X) AppleWebKit/602.4.6 (KHTML, like Gecko) Version/10.0 Mobile/14D27 Safari/602.1"
108.180.76.44 - - [18/Mar/2017:11:01:33 -0400] "GET /modules/field/theme/field.css?mx1aco HTTP/1.1" 200 550 "http://www.richtek.ca/" "Mozilla/5.0 (iPhone; CPU iPhone OS 10_2_1 like Mac OS X) AppleWebKit/602.4.6 (KHTML, like Gecko) Version/10.0 Mobile/14D27 Safari/602.1"
108.180.76.44 - - [18/Mar/2017:11:01:33 -0400] "GET /modules/node/node.css?mx1aco HTTP/1.1" 200 144 "http://www.richtek.ca/" "Mozilla/5.0 (iPhone; CPU iPhone OS 10_2_1 like Mac OS X) AppleWebKit/602.4.6 (KHTML, like Gecko) Version/10.0 Mobile/14D27 Safari/602.1"
108.180.76.44 - - [18/Mar/2017:11:01:33 -0400] "GET /sites/all/modules/views/css/views.css?mx1aco HTTP/1.1" 200 707 "http://www.richtek.ca/" "Mozilla/5.0 (iPhone; CPU iPhone OS 10_2_1 like Mac OS X) AppleWebKit/602.4.6 (KHTML, like Gecko) Version/10.0 Mobile/14D27 Safari/602.1"
108.180.76.44 - - [18/Mar/2017:11:01:33 -0400] "GET /modules/user/user.css?mx1aco HTTP/1.1" 200 1827 "http://www.richtek.ca/" "Mozilla/5.0 (iPhone; CPU iPhone OS 10_2_1 like Mac OS X) AppleWebKit/602.4.6 (KHTML, like Gecko) Version/10.0 Mobile/14D27 Safari/602.1"
108.180.76.44 - - [18/Mar/2017:11:01:33 -0400] "GET /sites/all/modules/ctools/css/ctools.css?mx1aco HTTP/1.1" 200 509 "http://www.richtek.ca/" "Mozilla/5.0 (iPhone; CPU iPhone OS 10_2_1 like Mac OS X) AppleWebKit/602.4.6 (KHTML, like Gecko) Version/10.0 Mobile/14D27 Safari/602.1"
108.180.76.44 - - [18/Mar/2017:11:01:33 -0400] "GET /sites/all/modules/ckeditor/ckeditor.css?mx1aco HTTP/1.1" 200 3395 "http://www.richtek.ca/" "Mozilla/5.0 (iPhone; CPU iPhone OS 10_2_1 like Mac OS X) AppleWebKit/602.4.6 (KHTML, like Gecko) Version/10.0 Mobile/14D27 Safari/602.1"
108.180.76.44 - - [18/Mar/2017:11:01:33 -0400] "GET /sites/all/modules/views_slideshow/views_slideshow.css?mx1aco HTTP/1.1" 200 155 "http://www.richtek.ca/" "Mozilla/5.0 (iPhone; CPU iPhone OS 10_2_1 like Mac OS X) AppleWebKit/602.4.6 (KHTML, like Gecko) Version/10.0 Mobile/14D27 Safari/602.1"
108.180.76.44 - - [18/Mar/2017:11:01:33 -0400] "GET /sites/all/modules/colorbox/styles/plain/colorbox_style.css?mx1aco HTTP/1.1" 200 3290 "http://www.richtek.ca/" "Mozilla/5.0 (iPhone; CPU iPhone OS 10_2_1 like Mac OS X) AppleWebKit/602.4.6 (KHTML, like Gecko) Version/10.0 Mobile/14D27 Safari/602.1"
108.180.76.44 - - [18/Mar/2017:11:01:33 -0400] "GET /sites/all/modules/views_slideshow/contrib/views_slideshow_cycle/views_slideshow_cycle.css?mx1aco HTTP/1.1" 200 550 "http://www.richtek.ca/" "Mozilla/5.0 (iPhone; CPU iPhone OS 10_2_1 like Mac OS X) AppleWebKit/602.4.6 (KHTML, like Gecko) Version/10.0 Mobile/14D27 Safari/602.1"
108.180.76.44 - - [18/Mar/2017:11:01:33 -0400] "GET /sites/all/themes/adaptivetheme/at_core/css/at.layout.css?mx1aco HTTP/1.1" 200 688 "http://www.richtek.ca/" "Mozilla/5.0 (iPhone; CPU iPhone OS 10_2_1 like Mac OS X) AppleWebKit/602.4.6 (KHTML, like Gecko) Version/10.0 Mobile/14D27 Safari/602.1"
108.180.76.44 - - [18/Mar/2017:11:01:33 -0400] "GET /sites/all/themes/richtek/css/global.styles.css?mx1aco HTTP/1.1" 200 33798 "http://www.richtek.ca/" "Mozilla/5.0 (iPhone; CPU iPhone OS 10_2_1 like Mac OS X) AppleWebKit/602.4.6 (KHTML, like Gecko) Version/10.0 Mobile/14D27 Safari/602.1"
108.180.76.44 - - [18/Mar/2017:11:01:33 -0400] "GET /sites/all/themes/richtek/css/global.base.css?mx1aco HTTP/1.1" 200 13275 "http://www.richtek.ca/" "Mozilla/5.0 (iPhone; CPU iPhone OS 10_2_1 like Mac OS X) AppleWebKit/602.4.6 (KHTML, like Gecko) Version/10.0 Mobile/14D27 Safari/602.1"
108.180.76.44 - - [18/Mar/2017:11:01:33 -0400] "GET /sites/default/files/adaptivetheme/richtek_files/richtek.responsive.layout.css?mx1aco HTTP/1.1" 200 7863 "http://www.richtek.ca/" "Mozilla/5.0 (iPhone; CPU iPhone OS 10_2_1 like Mac OS X) AppleWebKit/602.4.6 (KHTML, like Gecko) Version/10.0 Mobile/14D27 Safari/602.1"
108.180.76.44 - - [18/Mar/2017:11:01:33 -0400] "GET /sites/all/themes/richtek/css/responsive.smartphone.landscape.css?mx1aco HTTP/1.1" 200 1348 "http://www.richtek.ca/" "Mozilla/5.0 (iPhone; CPU iPhone OS 10_2_1 like Mac OS X) AppleWebKit/602.4.6 (KHTML, like Gecko) Version/10.0 Mobile/14D27 Safari/602.1"
108.180.76.44 - - [18/Mar/2017:11:01:34 -0400] "GET /misc/jquery.once.js?v=1.2 HTTP/1.1" 200 2974 "http://www.richtek.ca/" "Mozilla/5.0 (iPhone; CPU iPhone OS 10_2_1 like Mac OS X) AppleWebKit/602.4.6 (KHTML, like Gecko) Version/10.0 Mobile/14D27 Safari/602.1"
108.180.76.44 - - [18/Mar/2017:11:01:34 -0400] "GET /misc/drupal.js?mx1aco HTTP/1.1" 200 14544 "http://www.richtek.ca/" "Mozilla/5.0 (iPhone; CPU iPhone OS 10_2_1 like Mac OS X) AppleWebKit/602.4.6 (KHTML, like Gecko) Version/10.0 Mobile/14D27 Safari/602.1"
108.180.76.44 - - [18/Mar/2017:11:01:34 -0400] "GET /sites/all/modules/admin_menu/admin_devel/admin_devel.js?mx1aco HTTP/1.1" 200 982 "http://www.richtek.ca/" "Mozilla/5.0 (iPhone; CPU iPhone OS 10_2_1 like Mac OS X) AppleWebKit/602.4.6 (KHTML, like Gecko) Version/10.0 Mobile/14D27 Safari/602.1"
108.180.76.44 - - [18/Mar/2017:11:01:34 -0400] "GET /sites/all/libraries/colorbox/jquery.colorbox-min.js?mx1aco HTTP/1.1" 200 11095 "http://www.richtek.ca/" "Mozilla/5.0 (iPhone; CPU iPhone OS 10_2_1 like Mac OS X) AppleWebKit/602.4.6 (KHTML, like Gecko) Version/10.0 Mobile/14D27 Safari/602.1"
108.180.76.44 - - [18/Mar/2017:11:01:34 -0400] "GET /sites/all/modules/colorbox/js/colorbox.js?mx1aco HTTP/1.1" 200 373 "http://www.richtek.ca/" "Mozilla/5.0 (iPhone; CPU iPhone OS 10_2_1 like Mac OS X) AppleWebKit/602.4.6 (KHTML, like Gecko) Version/10.0 Mobile/14D27 Safari/602.1"
108.180.76.44 - - [18/Mar/2017:11:01:34 -0400] "GET /sites/all/modules/colorbox/styles/plain/colorbox_style.js?mx1aco HTTP/1.1" 200 1280 "http://www.richtek.ca/" "Mozilla/5.0 (iPhone; CPU iPhone OS 10_2_1 like Mac OS X) AppleWebKit/602.4.6 (KHTML, like Gecko) Version/10.0 Mobile/14D27 Safari/602.1"
108.180.76.44 - - [18/Mar/2017:11:01:34 -0400] "GET /sites/all/modules/colorbox/js/colorbox_load.js?mx1aco HTTP/1.1" 200 1144 "http://www.richtek.ca/" "Mozilla/5.0 (iPhone; CPU iPhone OS 10_2_1 like Mac OS X) AppleWebKit/602.4.6 (KHTML, like Gecko) Version/10.0 Mobile/14D27 Safari/602.1"
108.180.76.44 - - [18/Mar/2017:11:01:34 -0400] "GET /sites/all/modules/colorbox/js/colorbox_inline.js?mx1aco HTTP/1.1" 200 1826 "http://www.richtek.ca/" "Mozilla/5.0 (iPhone; CPU iPhone OS 10_2_1 like Mac OS X) AppleWebKit/602.4.6 (KHTML, like Gecko) Version/10.0 Mobile/14D27 Safari/602.1"
108.180.76.44 - - [18/Mar/2017:11:01:34 -0400] "GET /sites/all/modules/views_slideshow/js/views_slideshow.js?mx1aco HTTP/1.1" 200 19256 "http://www.richtek.ca/" "Mozilla/5.0 (iPhone; CPU iPhone OS 10_2_1 like Mac OS X) AppleWebKit/602.4.6 (KHTML, like Gecko) Version/10.0 Mobile/14D27 Safari/602.1"
108.180.76.44 - - [18/Mar/2017:11:01:34 -0400] "GET /sites/all/libraries/jquery.cycle/jquery.cycle.all.js?mx1aco HTTP/1.1" 200 51679 "http://www.richtek.ca/" "Mozilla/5.0 (iPhone; CPU iPhone OS 10_2_1 like Mac OS X) AppleWebKit/602.4.6 (KHTML, like Gecko) Version/10.0 Mobile/14D27 Safari/602.1"
108.180.76.44 - - [18/Mar/2017:11:01:34 -0400] "GET /sites/all/modules/views_slideshow/contrib/views_slideshow_cycle/js/views_slideshow_cycle.js?mx1aco HTTP/1.1" 200 22528 "http://www.richtek.ca/" "Mozilla/5.0 (iPhone; CPU iPhone OS 10_2_1 like Mac OS X) AppleWebKit/602.4.6 (KHTML, like Gecko) Version/10.0 Mobile/14D27 Safari/602.1"
108.180.76.44 - - [18/Mar/2017:11:01:34 -0400] "GET /sites/default/files/styles/front_page_slider/public/fp-slider-images/slide-hosemonster.jpg?itok=uo14J-IO HTTP/1.1" 200 29540 "http://www.richtek.ca/" "Mozilla/5.0 (iPhone; CPU iPhone OS 10_2_1 like Mac OS X) AppleWebKit/602.4.6 (KHTML, like Gecko) Version/10.0 Mobile/14D27 Safari/602.1"
108.180.76.44 - - [18/Mar/2017:11:01:34 -0400] "GET /sites/all/themes/richtek/images/richtek-logo.png HTTP/1.1" 200 8445 "http://www.richtek.ca/" "Mozilla/5.0 (iPhone; CPU iPhone OS 10_2_1 like Mac OS X) AppleWebKit/602.4.6 (KHTML, like Gecko) Version/10.0 Mobile/14D27 Safari/602.1"
108.180.76.44 - - [18/Mar/2017:11:01:34 -0400] "GET /sites/all/themes/richtek/images/logo-rep-eaton.png HTTP/1.1" 200 2866 "http://www.richtek.ca/" "Mozilla/5.0 (iPhone; CPU iPhone OS 10_2_1 like Mac OS X) AppleWebKit/602.4.6 (KHTML, like Gecko) Version/10.0 Mobile/14D27 Safari/602.1"
108.180.76.44 - - [18/Mar/2017:11:01:34 -0400] "GET /sites/all/themes/richtek/images/logo-rep-firetrol.png HTTP/1.1" 200 6963 "http://www.richtek.ca/" "Mozilla/5.0 (iPhone; CPU iPhone OS 10_2_1 like Mac OS X) AppleWebKit/602.4.6 (KHTML, like Gecko) Version/10.0 Mobile/14D27 Safari/602.1"
108.180.76.44 - - [18/Mar/2017:11:01:34 -0400] "GET /sites/all/themes/richtek/css/responsive.smartphone.portrait.css?mx1aco HTTP/1.1" 200 1348 "http://www.richtek.ca/" "Mozilla/5.0 (iPhone; CPU iPhone OS 10_2_1 like Mac OS X) AppleWebKit/602.4.6 (KHTML, like Gecko) Version/10.0 Mobile/14D27 Safari/602.1"
108.180.76.44 - - [18/Mar/2017:11:01:34 -0400] "GET /sites/all/themes/richtek/images/logo-rep-tornatech.png HTTP/1.1" 200 14219 "http://www.richtek.ca/" "Mozilla/5.0 (iPhone; CPU iPhone OS 10_2_1 like Mac OS X) AppleWebKit/602.4.6 (KHTML, like Gecko) Version/10.0 Mobile/14D27 Safari/602.1"
108.180.76.44 - - [18/Mar/2017:11:01:34 -0400] "GET /sites/all/themes/richtek/css/responsive.tablet.portrait.css?mx1aco HTTP/1.1" 200 410 "http://www.richtek.ca/" "Mozilla/5.0 (iPhone; CPU iPhone OS 10_2_1 like Mac OS X) AppleWebKit/602.4.6 (KHTML, like Gecko) Version/10.0 Mobile/14D27 Safari/602.1"
108.180.76.44 - - [18/Mar/2017:11:01:34 -0400] "GET /sites/all/themes/richtek/css/responsive.tablet.landscape.css?mx1aco HTTP/1.1" 200 351 "http://www.richtek.ca/" "Mozilla/5.0 (iPhone; CPU iPhone OS 10_2_1 like Mac OS X) AppleWebKit/602.4.6 (KHTML, like Gecko) Version/10.0 Mobile/14D27 Safari/602.1"
108.180.76.44 - - [18/Mar/2017:11:01:34 -0400] "GET /sites/all/themes/richtek/css/responsive.desktop.css?mx1aco HTTP/1.1" 200 350 "http://www.richtek.ca/" "Mozilla/5.0 (iPhone; CPU iPhone OS 10_2_1 like Mac OS X) AppleWebKit/602.4.6 (KHTML, like Gecko) Version/10.0 Mobile/14D27 Safari/602.1"
108.180.76.44 - - [18/Mar/2017:11:01:33 -0400] "GET /misc/jquery.js?v=1.4.4 HTTP/1.1" 200 78602 "http://www.richtek.ca/" "Mozilla/5.0 (iPhone; CPU iPhone OS 10_2_1 like Mac OS X) AppleWebKit/602.4.6 (KHTML, like Gecko) Version/10.0 Mobile/14D27 Safari/602.1"
108.180.76.44 - - [18/Mar/2017:11:01:35 -0400] "GET /sites/all/themes/richtek/css/images/bg-richtek-check.png HTTP/1.1" 200 1120 "http://www.richtek.ca/" "Mozilla/5.0 (iPhone; CPU iPhone OS 10_2_1 like Mac OS X) AppleWebKit/602.4.6 (KHTML, like Gecko) Version/10.0 Mobile/14D27 Safari/602.1"
108.180.76.44 - - [18/Mar/2017:11:01:46 -0400] "GET /fire-pump-systems HTTP/1.1" 200 16793 "http://www.richtek.ca/" "Mozilla/5.0 (iPhone; CPU iPhone OS 10_2_1 like Mac OS X) AppleWebKit/602.4.6 (KHTML, like Gecko) Version/10.0 Mobile/14D27 Safari/602.1"
173.162.226.163 - - [18/Mar/2017:11:22:49 -0400] "GET / HTTP/1.1" 200 17094 "https://www.google.com/" "Mozilla/5.0 (Windows NT 6.1; WOW64) AppleWebKit/537.36 (KHTML, like Gecko) Chrome/49.0.2623.108 Safari/537.36"
173.162.226.163 - - [18/Mar/2017:11:22:53 -0400] "GET /favicon.ico HTTP/1.1" 404 294 "http://www.richtek.ca/" "Mozilla/5.0 (Windows NT 6.1; WOW64) AppleWebKit/537.36 (KHTML, like Gecko) Chrome/49.0.2623.108 Safari/537.36"
95.45.254.123 - - [18/Mar/2017:11:28:34 -0400] "GET / HTTP/1.1" 200 16942 "-" "Wget/1.15 (linux-gnu)"
163.172.68.99 - - [18/Mar/2017:11:32:33 -0400] "GET /robots.txt HTTP/1.1" 200 1561 "-" "Mozilla/5.0 ((Windows; U; Windows NT 6.1; fr; rv:1.9.2) Gecko/20100115 Firefox/3.6)"
163.172.68.99 - - [18/Mar/2017:11:32:33 -0400] "GET / HTTP/1.1" 200 17094 "-" "Mozilla/5.0 ((Windows; U; Windows NT 6.1; fr; rv:1.9.2) Gecko/20100115 Firefox/3.6)"
202.239.38.157 - - [18/Mar/2017:11:46:39 -0400] "GET / HTTP/1.1" 200 17094 "-" "Mozilla/4.0 (compatible; MSIE8.0; Windows NT 6.0) .NET CLR 2.0.50727)"
199.58.164.114 - - [18/Mar/2017:12:10:03 -0400] "HEAD / HTTP/1.1" 200 - "http://uptime.com/richtek.ca" "Mozilla/5.0 (compatible; Uptimebot/1.0; +http://www.uptime.com/uptimebot)"
62.210.81.114 - - [18/Mar/2017:12:13:58 -0400] "GET /wp-login.php HTTP/1.1" 404 14888 "http://www.richtek.ca/wp-login.php" "Mozilla/4.0 (compatible; MSIE 9.0; Windows NT 6.1; 125LA; .NET CLR 2.0.50727; .NET CLR 3.0.04506.648; .NET CLR 3.5.21022)"
62.210.81.114 - - [18/Mar/2017:12:14:02 -0400] "GET /wp-login.php HTTP/1.1" 404 14888 "http://www.richtek.ca/wp-login.php" "Mozilla/4.0 (compatible; MSIE 9.0; Windows NT 6.1; 125LA; .NET CLR 2.0.50727; .NET CLR 3.0.04506.648; .NET CLR 3.5.21022)"
66.249.75.41 - - [18/Mar/2017:12:43:56 -0400] "GET / HTTP/1.1" 200 17094 "-" "Mozilla/5.0 (Linux; Android 6.0.1; Nexus 5X Build/MMB29P) AppleWebKit/537.36 (KHTML, like Gecko) Chrome/41.0.2272.96 Mobile Safari/537.36 (compatible; Googlebot/2.1; +http://www.google.com/bot.html)"
66.249.69.227 - - [18/Mar/2017:12:54:15 -0400] "GET / HTTP/1.1" 200 16942 "-" "Mozilla/5.0 (Linux; Android 6.0.1; Nexus 5X Build/MMB29P) AppleWebKit/537.36 (KHTML, like Gecko) Chrome/41.0.2272.96 Mobile Safari/537.36 (compatible; Googlebot/2.1; +http://www.google.com/bot.html)"
180.76.15.31 - - [18/Mar/2017:13:03:42 -0400] "GET /sites/all/modules/colorbox/js/colorbox_load.js HTTP/1.1" 200 1144 "-" "Mozilla/5.0 (compatible; Baiduspider/2.0; +http://www.baidu.com/search/spider.html)"
64.120.30.143 - - [18/Mar/2017:13:36:25 -0400] "HEAD / HTTP/1.1" 200 - "http://uptime.com/richtek.ca" "Mozilla/5.0 (compatible; Uptimebot/1.0; +http://www.uptime.com/uptimebot)"
220.181.51.122 - - [18/Mar/2017:14:12:33 -0400] "GET /robots.txt HTTP/1.1" 200 1561 "-" "Mozilla/5.0 (Windows NT 10.0; WOW64) AppleWebKit/537.36 (KHTML, like Gecko) Chrome/45.0.2454.93 Safari/537.36"
66.249.75.44 - - [18/Mar/2017:14:58:04 -0400] "GET / HTTP/1.1" 200 17094 "-" "Mozilla/5.0 (Linux; Android 6.0.1; Nexus 5X Build/MMB29P) AppleWebKit/537.36 (KHTML, like Gecko) Chrome/41.0.2272.96 Mobile Safari/537.36 (compatible; Googlebot/2.1; +http://www.google.com/bot.html)"
180.76.15.157 - - [18/Mar/2017:15:19:46 -0400] "GET /sites/all/themes/richtek/css/responsive.smartphone.portrait.css?mx1aco HTTP/1.1" 200 1348 "-" "Mozilla/5.0 (compatible; Baiduspider/2.0; +http://www.baidu.com/search/spider.html)"
40.77.167.122 - - [18/Mar/2017:15:25:36 -0400] "GET / HTTP/1.1" 200 17094 "-" "Mozilla/5.0 (compatible; bingbot/2.0; +http://www.bing.com/bingbot.htm)"
66.249.69.235 - - [18/Mar/2017:15:33:43 -0400] "GET / HTTP/1.1" 200 16942 "-" "Mozilla/5.0 (Linux; Android 6.0.1; Nexus 5X Build/MMB29P) AppleWebKit/537.36 (KHTML, like Gecko) Chrome/41.0.2272.96 Mobile Safari/537.36 (compatible; Googlebot/2.1; +http://www.google.com/bot.html)"
66.249.69.231 - - [18/Mar/2017:15:54:06 -0400] "GET / HTTP/1.1" 200 16942 "-" "Mozilla/5.0 (compatible; Googlebot/2.1; +http://www.google.com/bot.html)"
163.172.66.32 - - [18/Mar/2017:15:56:50 -0400] "GET /sites/default/files/styles/840/public/photos/Aspengrove%20fire%20pump%20system%20013.JPG?itok=JQXTDVjH HTTP/1.1" 200 172005 "-" "Mozilla/5.0 (compatible; AhrefsBot/5.2; +http://ahrefs.com/robot/)"
151.80.39.29 - - [18/Mar/2017:15:57:02 -0400] "GET /robots.txt HTTP/1.1" 200 1561 "-" "Mozilla/5.0 (compatible; AhrefsBot/5.2; +http://ahrefs.com/robot/)"
180.76.15.24 - - [18/Mar/2017:16:12:47 -0400] "GET /sites/all/themes/richtek/css/responsive.smartphone.portrait.css?mx1aco HTTP/1.1" 200 1348 "-" "Mozilla/5.0 (compatible; Baiduspider/2.0; +http://www.baidu.com/search/spider.html)"
180.76.15.13 - - [18/Mar/2017:16:48:37 -0400] "GET / HTTP/1.1" 200 16942 "-" "Mozilla/5.0 (compatible; Baiduspider/2.0; +http://www.baidu.com/search/spider.html)"
180.76.15.20 - - [18/Mar/2017:16:50:03 -0400] "GET / HTTP/1.1" 200 16942 "-" "Mozilla/5.0 (compatible; Baiduspider/2.0; +http://www.baidu.com/search/spider.html)"
64.120.30.152 - - [18/Mar/2017:16:52:36 -0400] "HEAD / HTTP/1.1" 200 - "http://uptime.com/richtek.ca" "Mozilla/5.0 (compatible; Uptimebot/1.0; +http://www.uptime.com/uptimebot)"
202.239.38.157 - - [18/Mar/2017:16:57:39 -0400] "GET / HTTP/1.1" 200 17094 "-" "Mozilla/4.0 (compatible; MSIE8.0; Windows NT 6.0) .NET CLR 2.0.50727)"
202.239.38.157 - - [18/Mar/2017:16:58:43 -0400] "GET / HTTP/1.1" 200 17094 "-" "Mozilla/4.0 (compatible; MSIE8.0; Windows NT 6.0) .NET CLR 2.0.50727)"
202.239.38.157 - - [18/Mar/2017:16:58:45 -0400] "GET / HTTP/1.1" 200 17094 "-" "Mozilla/4.0 (compatible; MSIE8.0; Windows NT 6.0) .NET CLR 2.0.50727)"
202.239.38.157 - - [18/Mar/2017:16:58:47 -0400] "GET /history HTTP/1.1" 200 18061 "-" "Mozilla/4.0 (compatible; MSIE8.0; Windows NT 6.0) .NET CLR 2.0.50727)"
202.239.38.157 - - [18/Mar/2017:16:58:47 -0400] "GET /staff HTTP/1.1" 200 17449 "-" "Mozilla/4.0 (compatible; MSIE8.0; Windows NT 6.0) .NET CLR 2.0.50727)"
202.239.38.157 - - [18/Mar/2017:16:58:48 -0400] "GET /fire-pump-systems HTTP/1.1" 200 16793 "-" "Mozilla/4.0 (compatible; MSIE8.0; Windows NT 6.0) .NET CLR 2.0.50727)"
202.239.38.157 - - [18/Mar/2017:16:58:48 -0400] "GET /booster-systems HTTP/1.1" 200 16744 "-" "Mozilla/4.0 (compatible; MSIE8.0; Windows NT 6.0) .NET CLR 2.0.50727)"
202.239.38.157 - - [18/Mar/2017:16:58:50 -0400] "GET /flow-meters HTTP/1.1" 200 16911 "-" "Mozilla/4.0 (compatible; MSIE8.0; Windows NT 6.0) .NET CLR 2.0.50727)"
202.239.38.157 - - [18/Mar/2017:16:58:51 -0400] "GET /pressure-reducing-valves HTTP/1.1" 200 16829 "-" "Mozilla/4.0 (compatible; MSIE8.0; Windows NT 6.0) .NET CLR 2.0.50727)"
202.239.38.157 - - [18/Mar/2017:16:58:51 -0400] "GET /photos HTTP/1.1" 200 22257 "-" "Mozilla/4.0 (compatible; MSIE8.0; Windows NT 6.0) .NET CLR 2.0.50727)"
202.239.38.157 - - [18/Mar/2017:16:58:52 -0400] "GET /links HTTP/1.1" 200 20203 "-" "Mozilla/4.0 (compatible; MSIE8.0; Windows NT 6.0) .NET CLR 2.0.50727)"
202.239.38.157 - - [18/Mar/2017:16:58:55 -0400] "GET /commissioning HTTP/1.1" 200 16921 "-" "Mozilla/4.0 (compatible; MSIE8.0; Windows NT 6.0) .NET CLR 2.0.50727)"
157.55.39.0 - - [18/Mar/2017:17:08:38 -0400] "GET /robots.txt HTTP/1.1" 200 1561 "-" "Mozilla/5.0 (compatible; bingbot/2.0; +http://www.bing.com/bingbot.htm)"
66.249.75.38 - - [18/Mar/2017:17:35:57 -0400] "GET / HTTP/1.1" 200 17094 "-" "Mozilla/5.0 (Linux; Android 6.0.1; Nexus 5X Build/MMB29P) AppleWebKit/537.36 (KHTML, like Gecko) Chrome/41.0.2272.96 Mobile Safari/537.36 (compatible; Googlebot/2.1; +http://www.google.com/bot.html)"
180.76.15.26 - - [18/Mar/2017:17:48:45 -0400] "GET / HTTP/1.1" 200 16942 "-" "Mozilla/5.0 (compatible; Baiduspider/2.0; +http://www.baidu.com/search/spider.html)"
180.76.15.11 - - [18/Mar/2017:17:50:14 -0400] "GET / HTTP/1.1" 200 16942 "-" "Mozilla/5.0 (compatible; Baiduspider/2.0; +http://www.baidu.com/search/spider.html)"
66.249.69.231 - - [18/Mar/2017:18:53:19 -0400] "GET / HTTP/1.1" 200 16942 "-" "Mozilla/5.0 (Linux; Android 6.0.1; Nexus 5X Build/MMB29P) AppleWebKit/537.36 (KHTML, like Gecko) Chrome/41.0.2272.96 Mobile Safari/537.36 (compatible; Googlebot/2.1; +http://www.google.com/bot.html)"
62.138.0.25 - - [18/Mar/2017:19:08:59 -0400] "GET / HTTP/1.1" 200 17094 "-" "Mozilla/5.0 (Windows NT 6.3; WOW64) AppleWebKit/537.36 (KHTML, like Gecko) Chrome/38.0.2125.104 Safari/537.36"
66.249.75.44 - - [18/Mar/2017:19:13:19 -0400] "GET / HTTP/1.1" 200 17094 "-" "Mozilla/5.0 (Linux; Android 6.0.1; Nexus 5X Build/MMB29P) AppleWebKit/537.36 (KHTML, like Gecko) Chrome/41.0.2272.96 Mobile Safari/537.36 (compatible; Googlebot/2.1; +http://www.google.com/bot.html)"
209.52.88.81 - - [18/Mar/2017:20:30:24 -0400] "GET /fire-pump-systems HTTP/1.1" 200 16793 "https://www.google.ca/" "Mozilla/5.0 (iPhone; CPU iPhone OS 10_2_1 like Mac OS X) AppleWebKit/602.4.6 (KHTML, like Gecko) Version/10.0 Mobile/14D27 Safari/602.1"
209.52.88.81 - - [18/Mar/2017:20:30:25 -0400] "GET /modules/node/node.css?mx1aco HTTP/1.1" 200 144 "http://www.richtek.ca/fire-pump-systems" "Mozilla/5.0 (iPhone; CPU iPhone OS 10_2_1 like Mac OS X) AppleWebKit/602.4.6 (KHTML, like Gecko) Version/10.0 Mobile/14D27 Safari/602.1"
209.52.88.81 - - [18/Mar/2017:20:30:25 -0400] "GET /modules/system/system.base.css?mx1aco HTTP/1.1" 200 5350 "http://www.richtek.ca/fire-pump-systems" "Mozilla/5.0 (iPhone; CPU iPhone OS 10_2_1 like Mac OS X) AppleWebKit/602.4.6 (KHTML, like Gecko) Version/10.0 Mobile/14D27 Safari/602.1"
209.52.88.81 - - [18/Mar/2017:20:30:25 -0400] "GET /modules/system/system.messages.css?mx1aco HTTP/1.1" 200 961 "http://www.richtek.ca/fire-pump-systems" "Mozilla/5.0 (iPhone; CPU iPhone OS 10_2_1 like Mac OS X) AppleWebKit/602.4.6 (KHTML, like Gecko) Version/10.0 Mobile/14D27 Safari/602.1"
209.52.88.81 - - [18/Mar/2017:20:30:25 -0400] "GET /modules/field/theme/field.css?mx1aco HTTP/1.1" 200 550 "http://www.richtek.ca/fire-pump-systems" "Mozilla/5.0 (iPhone; CPU iPhone OS 10_2_1 like Mac OS X) AppleWebKit/602.4.6 (KHTML, like Gecko) Version/10.0 Mobile/14D27 Safari/602.1"
209.52.88.81 - - [18/Mar/2017:20:30:25 -0400] "GET /modules/user/user.css?mx1aco HTTP/1.1" 200 1827 "http://www.richtek.ca/fire-pump-systems" "Mozilla/5.0 (iPhone; CPU iPhone OS 10_2_1 like Mac OS X) AppleWebKit/602.4.6 (KHTML, like Gecko) Version/10.0 Mobile/14D27 Safari/602.1"
209.52.88.81 - - [18/Mar/2017:20:30:25 -0400] "GET /sites/all/modules/views/css/views.css?mx1aco HTTP/1.1" 200 707 "http://www.richtek.ca/fire-pump-systems" "Mozilla/5.0 (iPhone; CPU iPhone OS 10_2_1 like Mac OS X) AppleWebKit/602.4.6 (KHTML, like Gecko) Version/10.0 Mobile/14D27 Safari/602.1"
209.52.88.81 - - [18/Mar/2017:20:30:25 -0400] "GET /sites/all/modules/ckeditor/ckeditor.css?mx1aco HTTP/1.1" 200 3395 "http://www.richtek.ca/fire-pump-systems" "Mozilla/5.0 (iPhone; CPU iPhone OS 10_2_1 like Mac OS X) AppleWebKit/602.4.6 (KHTML, like Gecko) Version/10.0 Mobile/14D27 Safari/602.1"
209.52.88.81 - - [18/Mar/2017:20:30:25 -0400] "GET /sites/all/modules/colorbox/styles/plain/colorbox_style.css?mx1aco HTTP/1.1" 200 3290 "http://www.richtek.ca/fire-pump-systems" "Mozilla/5.0 (iPhone; CPU iPhone OS 10_2_1 like Mac OS X) AppleWebKit/602.4.6 (KHTML, like Gecko) Version/10.0 Mobile/14D27 Safari/602.1"
209.52.88.81 - - [18/Mar/2017:20:30:26 -0400] "GET /sites/all/modules/views_slideshow/contrib/views_slideshow_cycle/views_slideshow_cycle.css?mx1aco HTTP/1.1" 200 550 "http://www.richtek.ca/fire-pump-systems" "Mozilla/5.0 (iPhone; CPU iPhone OS 10_2_1 like Mac OS X) AppleWebKit/602.4.6 (KHTML, like Gecko) Version/10.0 Mobile/14D27 Safari/602.1"
209.52.88.81 - - [18/Mar/2017:20:30:26 -0400] "GET /sites/all/themes/adaptivetheme/at_core/css/at.layout.css?mx1aco HTTP/1.1" 200 688 "http://www.richtek.ca/fire-pump-systems" "Mozilla/5.0 (iPhone; CPU iPhone OS 10_2_1 like Mac OS X) AppleWebKit/602.4.6 (KHTML, like Gecko) Version/10.0 Mobile/14D27 Safari/602.1"
209.52.88.81 - - [18/Mar/2017:20:30:26 -0400] "GET /sites/all/themes/richtek/css/global.base.css?mx1aco HTTP/1.1" 200 13275 "http://www.richtek.ca/fire-pump-systems" "Mozilla/5.0 (iPhone; CPU iPhone OS 10_2_1 like Mac OS X) AppleWebKit/602.4.6 (KHTML, like Gecko) Version/10.0 Mobile/14D27 Safari/602.1"
209.52.88.81 - - [18/Mar/2017:20:30:26 -0400] "GET /sites/default/files/adaptivetheme/richtek_files/richtek.responsive.layout.css?mx1aco HTTP/1.1" 200 7863 "http://www.richtek.ca/fire-pump-systems" "Mozilla/5.0 (iPhone; CPU iPhone OS 10_2_1 like Mac OS X) AppleWebKit/602.4.6 (KHTML, like Gecko) Version/10.0 Mobile/14D27 Safari/602.1"
209.52.88.81 - - [18/Mar/2017:20:30:26 -0400] "GET /misc/jquery.once.js?v=1.2 HTTP/1.1" 200 2974 "http://www.richtek.ca/fire-pump-systems" "Mozilla/5.0 (iPhone; CPU iPhone OS 10_2_1 like Mac OS X) AppleWebKit/602.4.6 (KHTML, like Gecko) Version/10.0 Mobile/14D27 Safari/602.1"
209.52.88.81 - - [18/Mar/2017:20:30:26 -0400] "GET /misc/drupal.js?mx1aco HTTP/1.1" 200 14544 "http://www.richtek.ca/fire-pump-systems" "Mozilla/5.0 (iPhone; CPU iPhone OS 10_2_1 like Mac OS X) AppleWebKit/602.4.6 (KHTML, like Gecko) Version/10.0 Mobile/14D27 Safari/602.1"
209.52.88.81 - - [18/Mar/2017:20:30:26 -0400] "GET /sites/all/modules/admin_menu/admin_devel/admin_devel.js?mx1aco HTTP/1.1" 200 982 "http://www.richtek.ca/fire-pump-systems" "Mozilla/5.0 (iPhone; CPU iPhone OS 10_2_1 like Mac OS X) AppleWebKit/602.4.6 (KHTML, like Gecko) Version/10.0 Mobile/14D27 Safari/602.1"
209.52.88.81 - - [18/Mar/2017:20:30:26 -0400] "GET /sites/all/libraries/colorbox/jquery.colorbox-min.js?mx1aco HTTP/1.1" 200 11095 "http://www.richtek.ca/fire-pump-systems" "Mozilla/5.0 (iPhone; CPU iPhone OS 10_2_1 like Mac OS X) AppleWebKit/602.4.6 (KHTML, like Gecko) Version/10.0 Mobile/14D27 Safari/602.1"
209.52.88.81 - - [18/Mar/2017:20:30:26 -0400] "GET /misc/jquery.js?v=1.4.4 HTTP/1.1" 200 78602 "http://www.richtek.ca/fire-pump-systems" "Mozilla/5.0 (iPhone; CPU iPhone OS 10_2_1 like Mac OS X) AppleWebKit/602.4.6 (KHTML, like Gecko) Version/10.0 Mobile/14D27 Safari/602.1"
209.52.88.81 - - [18/Mar/2017:20:30:26 -0400] "GET /sites/all/modules/colorbox/styles/plain/colorbox_style.js?mx1aco HTTP/1.1" 200 1280 "http://www.richtek.ca/fire-pump-systems" "Mozilla/5.0 (iPhone; CPU iPhone OS 10_2_1 like Mac OS X) AppleWebKit/602.4.6 (KHTML, like Gecko) Version/10.0 Mobile/14D27 Safari/602.1"
209.52.88.81 - - [18/Mar/2017:20:30:26 -0400] "GET /sites/all/modules/colorbox/js/colorbox_load.js?mx1aco HTTP/1.1" 200 1144 "http://www.richtek.ca/fire-pump-systems" "Mozilla/5.0 (iPhone; CPU iPhone OS 10_2_1 like Mac OS X) AppleWebKit/602.4.6 (KHTML, like Gecko) Version/10.0 Mobile/14D27 Safari/602.1"
209.52.88.81 - - [18/Mar/2017:20:30:26 -0400] "GET /sites/all/modules/views_slideshow/js/views_slideshow.js?mx1aco HTTP/1.1" 200 19256 "http://www.richtek.ca/fire-pump-systems" "Mozilla/5.0 (iPhone; CPU iPhone OS 10_2_1 like Mac OS X) AppleWebKit/602.4.6 (KHTML, like Gecko) Version/10.0 Mobile/14D27 Safari/602.1"
209.52.88.81 - - [18/Mar/2017:20:30:26 -0400] "GET /sites/all/modules/views_slideshow/contrib/views_slideshow_cycle/js/views_slideshow_cycle.js?mx1aco HTTP/1.1" 200 22528 "http://www.richtek.ca/fire-pump-systems" "Mozilla/5.0 (iPhone; CPU iPhone OS 10_2_1 like Mac OS X) AppleWebKit/602.4.6 (KHTML, like Gecko) Version/10.0 Mobile/14D27 Safari/602.1"
209.52.88.81 - - [18/Mar/2017:20:30:26 -0400] "GET /sites/all/themes/richtek/images/richtek-logo.png HTTP/1.1" 200 8445 "http://www.richtek.ca/fire-pump-systems" "Mozilla/5.0 (iPhone; CPU iPhone OS 10_2_1 like Mac OS X) AppleWebKit/602.4.6 (KHTML, like Gecko) Version/10.0 Mobile/14D27 Safari/602.1"
209.52.88.81 - - [18/Mar/2017:20:30:26 -0400] "GET /sites/default/files/styles/front_page_slider/public/fp-slider-images/slide-hosemonster.jpg?itok=uo14J-IO HTTP/1.1" 200 29540 "http://www.richtek.ca/fire-pump-systems" "Mozilla/5.0 (iPhone; CPU iPhone OS 10_2_1 like Mac OS X) AppleWebKit/602.4.6 (KHTML, like Gecko) Version/10.0 Mobile/14D27 Safari/602.1"
209.52.88.81 - - [18/Mar/2017:20:30:27 -0400] "GET /sites/all/themes/richtek/css/responsive.tablet.portrait.css?mx1aco HTTP/1.1" 200 410 "http://www.richtek.ca/fire-pump-systems" "Mozilla/5.0 (iPhone; CPU iPhone OS 10_2_1 like Mac OS X) AppleWebKit/602.4.6 (KHTML, like Gecko) Version/10.0 Mobile/14D27 Safari/602.1"
209.52.88.81 - - [18/Mar/2017:20:30:27 -0400] "GET /sites/all/themes/richtek/css/responsive.desktop.css?mx1aco HTTP/1.1" 200 350 "http://www.richtek.ca/fire-pump-systems" "Mozilla/5.0 (iPhone; CPU iPhone OS 10_2_1 like Mac OS X) AppleWebKit/602.4.6 (KHTML, like Gecko) Version/10.0 Mobile/14D27 Safari/602.1"
180.76.15.34 - - [18/Mar/2017:20:53:49 -0400] "GET / HTTP/1.1" 200 17094 "-" "Mozilla/5.0 (compatible; Baiduspider/2.0; +http://www.baidu.com/search/spider.html)"
180.76.15.19 - - [18/Mar/2017:20:55:25 -0400] "GET / HTTP/1.1" 200 17094 "-" "Mozilla/5.0 (compatible; Baiduspider/2.0; +http://www.baidu.com/search/spider.html)"
66.249.75.44 - - [18/Mar/2017:21:05:19 -0400] "GET /robots.txt HTTP/1.1" 200 1561 "-" "Mozilla/5.0 (compatible; Googlebot/2.1; +http://www.google.com/bot.html)"
66.249.75.41 - - [18/Mar/2017:21:05:19 -0400] "GET / HTTP/1.1" 200 17094 "-" "Mozilla/5.0 (Linux; Android 6.0.1; Nexus 5X Build/MMB29P) AppleWebKit/537.36 (KHTML, like Gecko) Chrome/41.0.2272.96 Mobile Safari/537.36 (compatible; Googlebot/2.1; +http://www.google.com/bot.html)"
66.249.69.227 - - [18/Mar/2017:21:15:19 -0400] "GET / HTTP/1.1" 200 16942 "-" "Mozilla/5.0 (Linux; Android 6.0.1; Nexus 5X Build/MMB29P) AppleWebKit/537.36 (KHTML, like Gecko) Chrome/41.0.2272.96 Mobile Safari/537.36 (compatible; Googlebot/2.1; +http://www.google.com/bot.html)"
46.165.197.141 - - [18/Mar/2017:21:19:57 -0400] "GET /robots.txt HTTP/1.1" 200 1561 "-" "Mozilla/5.0 (compatible; MJ12bot/v1.4.8; http://mj12bot.com/)"
46.165.197.141 - - [18/Mar/2017:21:20:08 -0400] "GET /links HTTP/1.1" 200 20203 "-" "Mozilla/5.0 (compatible; MJ12bot/v1.4.8; http://mj12bot.com/)"
123.125.71.110 - - [18/Mar/2017:22:55:33 -0400] "GET /robots.txt HTTP/1.1" 200 1561 "-" "Mozilla/5.0 (compatible; Baiduspider/2.0; +http://www.baidu.com/search/spider.html)"
46.229.164.102 - - [18/Mar/2017:23:16:38 -0400] "GET /robots.txt HTTP/1.1" 200 1561 "-" "Mozilla/5.0 (compatible; SemrushBot/1.2~bl; +http://www.semrush.com/bot.html)"
66.249.75.44 - - [18/Mar/2017:23:32:29 -0400] "GET / HTTP/1.1" 200 17094 "-" "Mozilla/5.0 (Linux; Android 6.0.1; Nexus 5X Build/MMB29P) AppleWebKit/537.36 (KHTML, like Gecko) Chrome/41.0.2272.96 Mobile Safari/537.36 (compatible; Googlebot/2.1; +http://www.google.com/bot.html)"
180.76.15.17 - - [18/Mar/2017:23:33:27 -0400] "GET /history HTTP/1.1" 200 18061 "-" "Mozilla/5.0 (compatible; Baiduspider/2.0; +http://www.baidu.com/search/spider.html)"
54.86.200.135 - - [18/Mar/2017:23:49:12 -0400] "GET / HTTP/1.1" 200 17094 "-" "Mozilla/5.0 (Windows NT 6.1; WOW64) AppleWebKit/537.36 (KHTML, like Gecko) Chrome/28.0.1500.95 Safari/537.36"
66.249.69.231 - - [19/Mar/2017:00:05:39 -0400] "GET / HTTP/1.1" 200 16942 "-" "Mozilla/5.0 (Linux; Android 6.0.1; Nexus 5X Build/MMB29P) AppleWebKit/537.36 (KHTML, like Gecko) Chrome/41.0.2272.96 Mobile Safari/537.36 (compatible; Googlebot/2.1; +http://www.google.com/bot.html)"
66.249.75.41 - - [19/Mar/2017:00:25:59 -0400] "GET / HTTP/1.1" 200 17094 "-" "Mozilla/5.0 (Linux; Android 6.0.1; Nexus 5X Build/MMB29P) AppleWebKit/537.36 (KHTML, like Gecko) Chrome/41.0.2272.96 Mobile Safari/537.36 (compatible; Googlebot/2.1; +http://www.google.com/bot.html)"
107.150.64.96 - - [19/Mar/2017:01:16:51 -0400] "GET /flow-meters HTTP/1.1" 200 16911 "http://www.richtek.ca/" "Mozilla/5.0 (Macintosh; Intel Mac OS X 10.9; rv:35.0) Gecko/20100101 Firefox/35.0"
107.150.64.96 - - [19/Mar/2017:01:16:53 -0400] "GET /?q=node/add HTTP/1.1" 403 16097 "http://www.richtek.ca/" "Mozilla/5.0 (Macintosh; Intel Mac OS X 10.9; rv:35.0) Gecko/20100101 Firefox/35.0"
107.150.64.96 - - [19/Mar/2017:01:16:55 -0400] "GET /?q=user/register HTTP/1.1" 200 18105 "http://www.richtek.ca/?q=node/add" "Mozilla/5.0 (Macintosh; Intel Mac OS X 10.9; rv:35.0) Gecko/20100101 Firefox/35.0"
107.150.64.96 - - [19/Mar/2017:01:16:56 -0400] "POST /?q=user/register HTTP/1.1" 302 - "http://www.richtek.ca/?q=user/register" "Mozilla/5.0 (Macintosh; Intel Mac OS X 10.9; rv:35.0) Gecko/20100101 Firefox/35.0"
107.150.64.96 - - [19/Mar/2017:01:16:57 -0400] "GET / HTTP/1.1" 200 17547 "http://www.richtek.ca/?q=user/register" "Mozilla/5.0 (Macintosh; Intel Mac OS X 10.9; rv:35.0) Gecko/20100101 Firefox/35.0"
107.150.64.96 - - [19/Mar/2017:01:16:59 -0400] "GET /?q=user HTTP/1.1" 200 17480 "http://www.richtek.ca/" "Mozilla/5.0 (Macintosh; Intel Mac OS X 10.9; rv:35.0) Gecko/20100101 Firefox/35.0"
107.150.64.96 - - [19/Mar/2017:01:17:00 -0400] "POST /?q=user HTTP/1.1" 200 17843 "http://www.richtek.ca/?q=user" "Mozilla/5.0 (Macintosh; Intel Mac OS X 10.9; rv:35.0) Gecko/20100101 Firefox/35.0"
178.137.83.166 - - [19/Mar/2017:01:26:09 -0400] "GET /robots.txt HTTP/1.1" 200 1561 "-" "Mozilla/5.0 (Windows NT 10.0; WOW64) AppleWebKit/537.36 (KHTML, like Gecko) Chrome/49.0.2623.75 Safari/537.36 OPR/36.0.2130.32"
178.137.83.166 - - [19/Mar/2017:01:26:09 -0400] "GET / HTTP/1.1" 200 17094 "-" "Mozilla/5.0 (Windows NT 10.0; WOW64) AppleWebKit/537.36 (KHTML, like Gecko) Chrome/49.0.2623.75 Safari/537.36 OPR/36.0.2130.32"
178.137.83.166 - - [19/Mar/2017:01:26:11 -0400] "GET /xmlrpc.php?rsd HTTP/1.1" 200 42 "-" "Mozilla/5.0 (Windows NT 10.0; WOW64) AppleWebKit/537.36 (KHTML, like Gecko) Chrome/49.0.2623.75 Safari/537.36 OPR/36.0.2130.32"
178.137.83.166 - - [19/Mar/2017:01:26:12 -0400] "GET /blog/robots.txt HTTP/1.1" 404 298 "-" "Mozilla/5.0 (Windows NT 10.0; WOW64) AppleWebKit/537.36 (KHTML, like Gecko) Chrome/49.0.2623.75 Safari/537.36 OPR/36.0.2130.32"
178.137.83.166 - - [19/Mar/2017:01:26:15 -0400] "GET /blog/ HTTP/1.1" 404 14867 "-" "Mozilla/5.0 (Windows NT 10.0; WOW64) AppleWebKit/537.36 (KHTML, like Gecko) Chrome/49.0.2623.75 Safari/537.36 OPR/36.0.2130.32"
178.137.83.166 - - [19/Mar/2017:01:26:17 -0400] "GET /wordpress/ HTTP/1.1" 404 14882 "-" "Mozilla/5.0 (Windows NT 10.0; WOW64) AppleWebKit/537.36 (KHTML, like Gecko) Chrome/49.0.2623.75 Safari/537.36 OPR/36.0.2130.32"
178.137.83.166 - - [19/Mar/2017:01:26:18 -0400] "GET /wp/ HTTP/1.1" 404 14861 "-" "Mozilla/5.0 (Windows NT 10.0; WOW64) AppleWebKit/537.36 (KHTML, like Gecko) Chrome/49.0.2623.75 Safari/537.36 OPR/36.0.2130.32"
157.55.39.33 - - [19/Mar/2017:01:29:19 -0400] "GET / HTTP/1.1" 200 16942 "-" "Mozilla/5.0 (compatible; bingbot/2.0; +http://www.bing.com/bingbot.htm)"
66.249.75.41 - - [19/Mar/2017:02:18:10 -0400] "GET / HTTP/1.1" 200 17094 "-" "Mozilla/5.0 (compatible; Googlebot/2.1; +http://www.google.com/bot.html)"
66.249.75.41 - - [19/Mar/2017:02:18:14 -0400] "GET /sites/all/modules/ckeditor/ckeditor.css?mx1aco HTTP/1.1" 200 3395 "http://www.richtek.ca/" "Mozilla/5.0 (compatible; Googlebot/2.1; +http://www.google.com/bot.html)"
66.249.75.41 - - [19/Mar/2017:02:18:15 -0400] "GET /sites/all/modules/ctools/css/ctools.css?mx1aco HTTP/1.1" 200 509 "http://www.richtek.ca/" "Mozilla/5.0 (compatible; Googlebot/2.1; +http://www.google.com/bot.html)"
66.249.75.38 - - [19/Mar/2017:02:18:17 -0400] "GET /sites/all/modules/views_slideshow/views_slideshow.css?mx1aco HTTP/1.1" 200 155 "http://www.richtek.ca/" "Mozilla/5.0 (compatible; Googlebot/2.1; +http://www.google.com/bot.html)"
66.249.75.41 - - [19/Mar/2017:02:18:19 -0400] "GET /sites/all/modules/colorbox/styles/plain/colorbox_style.css?mx1aco HTTP/1.1" 200 3290 "http://www.richtek.ca/" "Mozilla/5.0 (compatible; Googlebot/2.1; +http://www.google.com/bot.html)"
66.249.75.38 - - [19/Mar/2017:02:18:20 -0400] "GET /sites/all/modules/views_slideshow/contrib/views_slideshow_cycle/views_slideshow_cycle.css?mx1aco HTTP/1.1" 200 550 "http://www.richtek.ca/" "Mozilla/5.0 (compatible; Googlebot/2.1; +http://www.google.com/bot.html)"
