180.76.15.8 - - [11/Mar/2017:15:50:04 -0500] "GET / HTTP/1.1" 200 16942 "-" "Mozilla/5.0 (compatible; Baiduspider/2.0; +http://www.baidu.com/search/spider.html)"
66.249.65.120 - - [11/Mar/2017:15:58:01 -0500] "GET / HTTP/1.1" 200 17094 "-" "Mozilla/5.0 (Linux; Android 6.0.1; Nexus 5X Build/MMB29P) AppleWebKit/537.36 (KHTML, like Gecko) Chrome/41.0.2272.96 Mobile Safari/537.36 (compatible; Googlebot/2.1; +http://www.google.com/bot.html)"
163.172.65.200 - - [11/Mar/2017:15:59:31 -0500] "GET /sites/default/files/styles/840/public/photos/little%20hose%20monster%20003.jpg?itok=McBWqvYm HTTP/1.1" 200 122645 "-" "Mozilla/5.0 (compatible; AhrefsBot/5.2; +http://ahrefs.com/robot/)"
66.249.65.189 - - [11/Mar/2017:16:08:21 -0500] "GET / HTTP/1.1" 200 16942 "-" "Mozilla/5.0 (Linux; Android 6.0.1; Nexus 5X Build/MMB29P) AppleWebKit/537.36 (KHTML, like Gecko) Chrome/41.0.2272.96 Mobile Safari/537.36 (compatible; Googlebot/2.1; +http://www.google.com/bot.html)"
180.76.15.162 - - [11/Mar/2017:16:49:12 -0500] "GET / HTTP/1.1" 200 16942 "-" "Mozilla/5.0 (compatible; Baiduspider/2.0; +http://www.baidu.com/search/spider.html)"
180.76.15.155 - - [11/Mar/2017:16:50:34 -0500] "GET / HTTP/1.1" 200 16942 "-" "Mozilla/5.0 (compatible; Baiduspider/2.0; +http://www.baidu.com/search/spider.html)"
164.132.161.85 - - [11/Mar/2017:17:21:16 -0500] "GET /booster-systems HTTP/1.1" 200 16592 "-" "Mozilla/5.0 (compatible; AhrefsBot/5.2; +http://ahrefs.com/robot/)"
66.249.65.189 - - [11/Mar/2017:18:41:01 -0500] "GET / HTTP/1.1" 200 16942 "-" "Mozilla/5.0 (Linux; Android 6.0.1; Nexus 5X Build/MMB29P) AppleWebKit/537.36 (KHTML, like Gecko) Chrome/41.0.2272.96 Mobile Safari/537.36 (compatible; Googlebot/2.1; +http://www.google.com/bot.html)"
52.91.235.198 - - [11/Mar/2017:19:23:55 -0500] "GET /wp-login.php HTTP/1.1" 404 14736 "-" "Mozilla/5.0 (Windows NT 6.1; WOW64; rv:40.0) Gecko/20100101 Firefox/40.1"
66.249.65.120 - - [11/Mar/2017:19:27:00 -0500] "GET / HTTP/1.1" 200 17094 "-" "Mozilla/5.0 (Linux; Android 6.0.1; Nexus 5X Build/MMB29P) AppleWebKit/537.36 (KHTML, like Gecko) Chrome/41.0.2272.96 Mobile Safari/537.36 (compatible; Googlebot/2.1; +http://www.google.com/bot.html)"
85.196.178.73 - - [11/Mar/2017:19:44:01 -0500] "GET / HTTP/1.0" 200 16942 "-" "-"
180.76.15.20 - - [11/Mar/2017:19:54:03 -0500] "GET / HTTP/1.1" 200 17094 "-" "Mozilla/5.0 (compatible; Baiduspider/2.0; +http://www.baidu.com/search/spider.html)"
180.76.15.161 - - [11/Mar/2017:19:55:39 -0500] "GET / HTTP/1.1" 200 17094 "-" "Mozilla/5.0 (compatible; Baiduspider/2.0; +http://www.baidu.com/search/spider.html)"
66.249.65.132 - - [11/Mar/2017:20:18:01 -0500] "GET / HTTP/1.1" 200 16942 "-" "Mozilla/5.0 (compatible; Googlebot/2.1; +http://www.google.com/bot.html)"
180.76.15.8 - - [11/Mar/2017:20:20:21 -0500] "GET /sites/all/modules/views_slideshow/contrib/views_slideshow_cycle/views_slideshow_cycle.css?mx1aco HTTP/1.1" 200 550 "-" "Mozilla/5.0 (compatible; Baiduspider/2.0; +http://www.baidu.com/search/spider.html)"
66.249.65.128 - - [11/Mar/2017:20:28:02 -0500] "GET / HTTP/1.1" 200 16942 "-" "Mozilla/5.0 (Linux; Android 6.0.1; Nexus 5X Build/MMB29P) AppleWebKit/537.36 (KHTML, like Gecko) Chrome/41.0.2272.96 Mobile Safari/537.36 (compatible; Googlebot/2.1; +http://www.google.com/bot.html)"
180.76.15.6 - - [11/Mar/2017:20:32:09 -0500] "GET /node/7 HTTP/1.1" 200 16921 "-" "Mozilla/5.0 (compatible; Baiduspider/2.0; +http://www.baidu.com/search/spider.html)"
100.43.85.9 - - [11/Mar/2017:20:48:40 -0500] "GET / HTTP/1.1" 200 16942 "-" "Mozilla/5.0 (compatible; YandexBot/3.0; +http://yandex.com/bots)"
77.88.47.39 - - [11/Mar/2017:20:54:19 -0500] "GET /robots.txt HTTP/1.1" 200 1561 "-" "Mozilla/5.0 (compatible; YandexBot/3.0; +http://yandex.com/bots)"
77.88.47.39 - - [11/Mar/2017:20:54:19 -0500] "GET / HTTP/1.1" 200 16942 "-" "Mozilla/5.0 (compatible; YandexBot/3.0; +http://yandex.com/bots)"
77.88.47.39 - - [11/Mar/2017:20:54:39 -0500] "GET / HTTP/1.1" 200 17094 "-" "Mozilla/5.0 (compatible; YandexBot/3.0; +http://yandex.com/bots)"
66.249.65.123 - - [11/Mar/2017:21:13:51 -0500] "GET / HTTP/1.1" 200 17094 "-" "Mozilla/5.0 (Linux; Android 6.0.1; Nexus 5X Build/MMB29P) AppleWebKit/537.36 (KHTML, like Gecko) Chrome/41.0.2272.96 Mobile Safari/537.36 (compatible; Googlebot/2.1; +http://www.google.com/bot.html)"
77.88.47.39 - - [11/Mar/2017:21:21:01 -0500] "GET /photos HTTP/1.1" 200 22025 "-" "Mozilla/5.0 (compatible; YandexBot/3.0; +http://yandex.com/bots)"
158.69.247.182 - - [11/Mar/2017:21:26:31 -0500] "GET / HTTP/1.1" 200 16942 "-" "Mozilla/5.0 (compatible; WebHistoryBot/1.2.1 IS NOT SE bot like Googlebot/2.1; +http://www.google.com/bot.html,Yahoo! Slurp or Bingbot)"
66.249.65.132 - - [11/Mar/2017:21:49:21 -0500] "GET / HTTP/1.1" 200 16942 "-" "Mozilla/5.0 (Linux; Android 6.0.1; Nexus 5X Build/MMB29P) AppleWebKit/537.36 (KHTML, like Gecko) Chrome/41.0.2272.96 Mobile Safari/537.36 (compatible; Googlebot/2.1; +http://www.google.com/bot.html)"
54.90.41.238 - - [11/Mar/2017:22:20:51 -0500] "GET / HTTP/1.1" 200 16942 "-" "Mozilla/5.0 (Windows NT 10.0; WOW64) AppleWebKit/537.36 (KHTML, like Gecko) Chrome/51.0.2704.103 Safari/537.36"
66.249.65.126 - - [11/Mar/2017:22:24:51 -0500] "GET / HTTP/1.1" 200 17094 "-" "Mozilla/5.0 (compatible; Googlebot/2.1; +http://www.google.com/bot.html)"
66.249.65.126 - - [11/Mar/2017:22:50:21 -0500] "GET / HTTP/1.1" 200 17094 "-" "Mozilla/5.0 (Linux; Android 6.0.1; Nexus 5X Build/MMB29P) AppleWebKit/537.36 (KHTML, like Gecko) Chrome/41.0.2272.96 Mobile Safari/537.36 (compatible; Googlebot/2.1; +http://www.google.com/bot.html)"
66.249.65.128 - - [11/Mar/2017:23:25:41 -0500] "GET / HTTP/1.1" 200 16942 "-" "Mozilla/5.0 (compatible; Googlebot/2.1; +http://www.google.com/bot.html)"
66.249.65.123 - - [11/Mar/2017:23:45:52 -0500] "GET / HTTP/1.1" 200 17094 "-" "Mozilla/5.0 (compatible; Googlebot/2.1; +http://www.google.com/bot.html)"
66.249.65.123 - - [12/Mar/2017:00:06:01 -0500] "GET / HTTP/1.1" 200 17094 "-" "Mozilla/5.0 (Linux; Android 6.0.1; Nexus 5X Build/MMB29P) AppleWebKit/537.36 (KHTML, like Gecko) Chrome/41.0.2272.96 Mobile Safari/537.36 (compatible; Googlebot/2.1; +http://www.google.com/bot.html)"
66.249.65.189 - - [12/Mar/2017:00:31:32 -0500] "GET / HTTP/1.1" 200 16942 "-" "Mozilla/5.0 (compatible; Googlebot/2.1; +http://www.google.com/bot.html)"
207.46.13.235 - - [12/Mar/2017:00:32:17 -0500] "GET /robots.txt HTTP/1.1" 200 1561 "-" "Mozilla/5.0 (compatible; bingbot/2.0; +http://www.bing.com/bingbot.htm)"
157.55.39.141 - - [12/Mar/2017:00:32:49 -0500] "GET / HTTP/1.1" 200 17094 "-" "Mozilla/5.0 (compatible; bingbot/2.0; +http://www.bing.com/bingbot.htm)"
157.55.39.128 - - [12/Mar/2017:00:32:56 -0500] "GET /robots.txt HTTP/1.1" 200 1561 "-" "Mozilla/5.0 (compatible; bingbot/2.0; +http://www.bing.com/bingbot.htm)"
157.55.39.128 - - [12/Mar/2017:00:32:56 -0500] "GET /robots.txt HTTP/1.1" 200 1561 "-" "Mozilla/5.0 (compatible; bingbot/2.0; +http://www.bing.com/bingbot.htm)"
157.55.39.128 - - [12/Mar/2017:00:32:57 -0500] "GET /robots.txt HTTP/1.1" 200 1561 "-" "Mozilla/5.0 (compatible; bingbot/2.0; +http://www.bing.com/bingbot.htm)"
157.55.39.128 - - [12/Mar/2017:00:32:57 -0500] "GET /robots.txt HTTP/1.1" 200 1561 "-" "Mozilla/5.0 (compatible; bingbot/2.0; +http://www.bing.com/bingbot.htm)"
157.55.39.128 - - [12/Mar/2017:00:32:58 -0500] "GET /robots.txt HTTP/1.1" 200 1561 "-" "Mozilla/5.0 (compatible; bingbot/2.0; +http://www.bing.com/bingbot.htm)"
157.55.39.128 - - [12/Mar/2017:00:32:58 -0500] "GET /robots.txt HTTP/1.1" 200 1561 "-" "Mozilla/5.0 (compatible; bingbot/2.0; +http://www.bing.com/bingbot.htm)"
157.55.39.128 - - [12/Mar/2017:00:32:58 -0500] "GET /robots.txt HTTP/1.1" 200 1561 "-" "Mozilla/5.0 (compatible; bingbot/2.0; +http://www.bing.com/bingbot.htm)"
157.55.39.128 - - [12/Mar/2017:00:32:58 -0500] "GET /robots.txt HTTP/1.1" 200 1561 "-" "Mozilla/5.0 (compatible; bingbot/2.0; +http://www.bing.com/bingbot.htm)"
157.55.39.128 - - [12/Mar/2017:00:32:59 -0500] "GET /robots.txt HTTP/1.1" 200 1561 "-" "Mozilla/5.0 (compatible; bingbot/2.0; +http://www.bing.com/bingbot.htm)"
157.55.39.128 - - [12/Mar/2017:00:33:12 -0500] "GET /sites/all/libraries/colorbox/jquery.colorbox-min.js?mx1aco HTTP/1.1" 200 11095 "-" "Mozilla/5.0 (compatible; bingbot/2.0; +http://www.bing.com/bingbot.htm)"
157.55.39.128 - - [12/Mar/2017:00:33:19 -0500] "GET /sites/all/modules/colorbox/js/colorbox_load.js?mx1aco HTTP/1.1" 200 1144 "-" "Mozilla/5.0 (compatible; bingbot/2.0; +http://www.bing.com/bingbot.htm)"
157.55.39.128 - - [12/Mar/2017:00:33:29 -0500] "GET /sites/all/modules/views/css/views.css?mx1aco HTTP/1.1" 200 707 "-" "Mozilla/5.0 (compatible; bingbot/2.0; +http://www.bing.com/bingbot.htm)"
40.77.167.30 - - [12/Mar/2017:00:33:39 -0500] "GET /sites/all/libraries/jquery.cycle/jquery.cycle.all.js?mx1aco HTTP/1.1" 200 51679 "-" "Mozilla/5.0 (compatible; bingbot/2.0; +http://www.bing.com/bingbot.htm)"
40.77.167.30 - - [12/Mar/2017:00:33:49 -0500] "GET /sites/all/modules/ckeditor/ckeditor.css?mx1aco HTTP/1.1" 200 3395 "-" "Mozilla/5.0 (compatible; bingbot/2.0; +http://www.bing.com/bingbot.htm)"
40.77.167.30 - - [12/Mar/2017:00:33:59 -0500] "GET /sites/all/modules/colorbox/styles/plain/colorbox_style.js?mx1aco HTTP/1.1" 200 1280 "-" "Mozilla/5.0 (compatible; bingbot/2.0; +http://www.bing.com/bingbot.htm)"
40.77.167.30 - - [12/Mar/2017:00:34:10 -0500] "GET /sites/all/modules/views_slideshow/contrib/views_slideshow_cycle/views_slideshow_cycle.css?mx1aco HTTP/1.1" 200 550 "-" "Mozilla/5.0 (compatible; bingbot/2.0; +http://www.bing.com/bingbot.htm)"
40.77.167.30 - - [12/Mar/2017:00:34:22 -0500] "GET /sites/all/themes/richtek/css/global.styles.css?mx1aco HTTP/1.1" 200 33798 "-" "Mozilla/5.0 (compatible; bingbot/2.0; +http://www.bing.com/bingbot.htm)"
40.77.167.30 - - [12/Mar/2017:00:34:29 -0500] "GET /sites/all/themes/richtek/css/responsive.desktop.css?mx1aco HTTP/1.1" 200 350 "-" "Mozilla/5.0 (compatible; bingbot/2.0; +http://www.bing.com/bingbot.htm)"
157.55.39.128 - - [12/Mar/2017:00:34:42 -0500] "GET /sites/all/themes/richtek/css/responsive.smartphone.landscape.css?mx1aco HTTP/1.1" 200 1348 "-" "Mozilla/5.0 (compatible; bingbot/2.0; +http://www.bing.com/bingbot.htm)"
40.77.167.30 - - [12/Mar/2017:00:34:53 -0500] "GET /sites/default/files/adaptivetheme/richtek_files/richtek.responsive.layout.css?mx1aco HTTP/1.1" 200 7863 "-" "Mozilla/5.0 (compatible; bingbot/2.0; +http://www.bing.com/bingbot.htm)"
66.249.65.128 - - [12/Mar/2017:00:36:41 -0500] "GET / HTTP/1.1" 200 16942 "-" "Mozilla/5.0 (Linux; Android 6.0.1; Nexus 5X Build/MMB29P) AppleWebKit/537.36 (KHTML, like Gecko) Chrome/41.0.2272.96 Mobile Safari/537.36 (compatible; Googlebot/2.1; +http://www.google.com/bot.html)"
66.249.65.126 - - [12/Mar/2017:00:38:24 -0500] "GET /sites/all/themes/richtek/images/logo-rep-eaton.png HTTP/1.1" 304 - "-" "Googlebot-Image/1.0"
207.46.13.102 - - [12/Mar/2017:00:52:17 -0500] "GET /sites/all/modules/admin_menu/admin_devel/admin_devel.js?mx1aco HTTP/1.1" 200 982 "-" "Mozilla/5.0 (compatible; bingbot/2.0; +http://www.bing.com/bingbot.htm)"
218.30.103.163 - - [12/Mar/2017:00:52:23 -0500] "GET /robots.txt HTTP/1.1" 200 1561 "-" "Sogou web spider/4.0(+http://www.sogou.com/docs/help/webmasters.htm#07)"
218.30.103.163 - - [12/Mar/2017:00:52:24 -0500] "GET / HTTP/1.1" 200 17094 "-" "Mozilla/5.0 (iPhone; CPU iPhone OS 6_0 like Mac OS X) AppleWebKit/536.26 (KHTML, like Gecko) Version/6.0 Mobile/10A5376e Safari/8536.25"
66.249.65.120 - - [12/Mar/2017:01:07:02 -0500] "GET / HTTP/1.1" 200 17094 "-" "Mozilla/5.0 (Linux; Android 6.0.1; Nexus 5X Build/MMB29P) AppleWebKit/537.36 (KHTML, like Gecko) Chrome/41.0.2272.96 Mobile Safari/537.36 (compatible; Googlebot/2.1; +http://www.google.com/bot.html)"
207.46.13.102 - - [12/Mar/2017:01:26:17 -0500] "GET /sites/all/themes/richtek/css/responsive.tablet.portrait.css?mx1aco HTTP/1.1" 200 410 "-" "Mozilla/5.0 (compatible; bingbot/2.0; +http://www.bing.com/bingbot.htm)"
66.249.65.126 - - [12/Mar/2017:01:43:02 -0500] "GET /flow-meters HTTP/1.1" 200 16911 "-" "Mozilla/5.0 (Linux; Android 6.0.1; Nexus 5X Build/MMB29P) AppleWebKit/537.36 (KHTML, like Gecko) Chrome/41.0.2272.96 Mobile Safari/537.36 (compatible; Googlebot/2.1; +http://www.google.com/bot.html)"
157.55.39.141 - - [12/Mar/2017:03:33:32 -0400] "GET / HTTP/1.1" 200 17094 "-" "Mozilla/5.0 (compatible; bingbot/2.0; +http://www.bing.com/bingbot.htm)"
180.76.15.135 - - [12/Mar/2017:03:47:53 -0400] "GET / HTTP/1.1" 200 16942 "-" "Mozilla/5.0 (compatible; Baiduspider/2.0; +http://www.baidu.com/search/spider.html)"
180.76.15.10 - - [12/Mar/2017:03:49:15 -0400] "GET / HTTP/1.1" 200 16942 "-" "Mozilla/5.0 (compatible; Baiduspider/2.0; +http://www.baidu.com/search/spider.html)"
180.76.15.12 - - [12/Mar/2017:04:43:53 -0400] "GET /node/5 HTTP/1.1" 200 16592 "-" "Mozilla/5.0 (compatible; Baiduspider/2.0; +http://www.baidu.com/search/spider.html)"
66.249.65.132 - - [12/Mar/2017:04:45:22 -0400] "GET / HTTP/1.1" 200 16942 "-" "Mozilla/5.0 (Linux; Android 6.0.1; Nexus 5X Build/MMB29P) AppleWebKit/537.36 (KHTML, like Gecko) Chrome/41.0.2272.96 Mobile Safari/537.36 (compatible; Googlebot/2.1; +http://www.google.com/bot.html)"
180.76.15.5 - - [12/Mar/2017:05:43:06 -0400] "GET /sites/all/modules/admin_menu/admin_devel/admin_devel.js HTTP/1.1" 200 982 "-" "Mozilla/5.0 (compatible; Baiduspider/2.0; +http://www.baidu.com/search/spider.html)"
77.88.47.39 - - [12/Mar/2017:06:08:16 -0400] "GET /robots.txt HTTP/1.1" 200 1561 "-" "Mozilla/5.0 (compatible; YandexBot/3.0; +http://yandex.com/bots)"
100.43.85.9 - - [12/Mar/2017:06:08:16 -0400] "GET /robots.txt HTTP/1.1" 200 1561 "-" "Mozilla/5.0 (compatible; YandexBot/3.0; +http://yandex.com/bots)"
77.88.47.39 - - [12/Mar/2017:06:08:36 -0400] "GET / HTTP/1.1" 200 16942 "-" "Mozilla/5.0 (compatible; YandexBot/3.0; +http://yandex.com/bots)"
100.43.85.9 - - [12/Mar/2017:06:08:36 -0400] "GET / HTTP/1.1" 200 17094 "-" "Mozilla/5.0 (compatible; YandexBot/3.0; +http://yandex.com/bots)"
66.249.65.120 - - [12/Mar/2017:06:16:40 -0400] "GET / HTTP/1.1" 200 17094 "-" "Mozilla/5.0 (Linux; Android 6.0.1; Nexus 5X Build/MMB29P) AppleWebKit/537.36 (KHTML, like Gecko) Chrome/41.0.2272.96 Mobile Safari/537.36 (compatible; Googlebot/2.1; +http://www.google.com/bot.html)"
123.125.71.39 - - [12/Mar/2017:06:24:11 -0400] "GET / HTTP/1.1" 200 17094 "-" "Mozilla/5.0 (compatible; Baiduspider/2.0; +http://www.baidu.com/search/spider.html)"
157.55.39.141 - - [12/Mar/2017:06:39:58 -0400] "GET / HTTP/1.1" 200 16942 "-" "Mozilla/5.0 (compatible; bingbot/2.0; +http://www.bing.com/bingbot.htm)"
180.76.15.9 - - [12/Mar/2017:06:53:24 -0400] "GET / HTTP/1.1" 200 17094 "-" "Mozilla/5.0 (compatible; Baiduspider/2.0; +http://www.baidu.com/search/spider.html)"
180.76.15.144 - - [12/Mar/2017:06:55:00 -0400] "GET / HTTP/1.1" 200 17094 "-" "Mozilla/5.0 (compatible; Baiduspider/2.0; +http://www.baidu.com/search/spider.html)"
207.46.13.162 - - [12/Mar/2017:06:59:37 -0400] "GET /staff HTTP/1.1" 200 17449 "-" "Mozilla/5.0 (compatible; bingbot/2.0; +http://www.bing.com/bingbot.htm)"
66.249.65.132 - - [12/Mar/2017:07:02:22 -0400] "GET / HTTP/1.1" 200 16942 "-" "Mozilla/5.0 (Linux; Android 6.0.1; Nexus 5X Build/MMB29P) AppleWebKit/537.36 (KHTML, like Gecko) Chrome/41.0.2272.96 Mobile Safari/537.36 (compatible; Googlebot/2.1; +http://www.google.com/bot.html)"
66.249.65.128 - - [12/Mar/2017:07:07:31 -0400] "GET / HTTP/1.1" 200 16942 "-" "Mozilla/5.0 (compatible; Googlebot/2.1; +http://www.google.com/bot.html)"
199.58.164.115 - - [12/Mar/2017:08:03:56 -0400] "HEAD / HTTP/1.1" 200 - "http://uptime.com/richtek.ca" "Mozilla/5.0 (compatible; Uptimebot/1.0; +http://www.uptime.com/uptimebot)"
66.249.65.189 - - [12/Mar/2017:08:18:52 -0400] "GET / HTTP/1.1" 200 16942 "-" "Mozilla/5.0 (compatible; Googlebot/2.1; +http://www.google.com/bot.html)"
66.249.65.123 - - [12/Mar/2017:08:18:54 -0400] "GET / HTTP/1.1" 200 17094 "-" "Mozilla/5.0 (Linux; Android 6.0.1; Nexus 5X Build/MMB29P) AppleWebKit/537.36 (KHTML, like Gecko) Chrome/41.0.2272.96 Mobile Safari/537.36 (compatible; Googlebot/2.1; +http://www.google.com/bot.html)"
66.249.65.128 - - [12/Mar/2017:08:23:51 -0400] "GET / HTTP/1.1" 200 16942 "-" "Mozilla/5.0 (Linux; Android 6.0.1; Nexus 5X Build/MMB29P) AppleWebKit/537.36 (KHTML, like Gecko) Chrome/41.0.2272.96 Mobile Safari/537.36 (compatible; Googlebot/2.1; +http://www.google.com/bot.html)"
66.249.65.128 - - [12/Mar/2017:08:23:52 -0400] "GET / HTTP/1.1" 200 16942 "-" "Mozilla/5.0 (Linux; Android 6.0.1; Nexus 5X Build/MMB29P) AppleWebKit/537.36 (KHTML, like Gecko) Chrome/41.0.2272.96 Mobile Safari/537.36 (compatible; Googlebot/2.1; +http://www.google.com/bot.html)"
66.249.65.123 - - [12/Mar/2017:08:28:51 -0400] "GET / HTTP/1.1" 200 17094 "-" "Mozilla/5.0 (compatible; Googlebot/2.1; +http://www.google.com/bot.html)"
207.46.13.162 - - [12/Mar/2017:09:20:30 -0400] "GET /sites/all/libraries/jquery.cycle/jquery.cycle.all.js?mx1aco HTTP/1.1" 200 51679 "-" "Mozilla/5.0 (compatible; bingbot/2.0; +http://www.bing.com/bingbot.htm)"
207.46.13.162 - - [12/Mar/2017:09:20:38 -0400] "GET /sites/all/modules/ckeditor/ckeditor.css?mx1aco HTTP/1.1" 200 3395 "-" "Mozilla/5.0 (compatible; bingbot/2.0; +http://www.bing.com/bingbot.htm)"
207.46.13.162 - - [12/Mar/2017:09:20:48 -0400] "GET /sites/all/modules/colorbox/styles/plain/colorbox_style.js?mx1aco HTTP/1.1" 200 1280 "-" "Mozilla/5.0 (compatible; bingbot/2.0; +http://www.bing.com/bingbot.htm)"
207.46.13.162 - - [12/Mar/2017:09:20:58 -0400] "GET /sites/all/modules/views_slideshow/contrib/views_slideshow_cycle/views_slideshow_cycle.css?mx1aco HTTP/1.1" 200 550 "-" "Mozilla/5.0 (compatible; bingbot/2.0; +http://www.bing.com/bingbot.htm)"
207.46.13.162 - - [12/Mar/2017:09:21:09 -0400] "GET /sites/all/themes/richtek/css/global.styles.css?mx1aco HTTP/1.1" 200 33798 "-" "Mozilla/5.0 (compatible; bingbot/2.0; +http://www.bing.com/bingbot.htm)"
207.46.13.162 - - [12/Mar/2017:09:21:19 -0400] "GET /sites/all/themes/richtek/css/responsive.desktop.css?mx1aco HTTP/1.1" 200 350 "-" "Mozilla/5.0 (compatible; bingbot/2.0; +http://www.bing.com/bingbot.htm)"
207.46.13.162 - - [12/Mar/2017:09:21:31 -0400] "GET /sites/default/files/adaptivetheme/richtek_files/richtek.responsive.layout.css?mx1aco HTTP/1.1" 200 7863 "-" "Mozilla/5.0 (compatible; bingbot/2.0; +http://www.bing.com/bingbot.htm)"
66.249.65.120 - - [12/Mar/2017:09:24:41 -0400] "GET / HTTP/1.1" 200 17094 "-" "Mozilla/5.0 (Linux; Android 6.0.1; Nexus 5X Build/MMB29P) AppleWebKit/537.36 (KHTML, like Gecko) Chrome/41.0.2272.96 Mobile Safari/537.36 (compatible; Googlebot/2.1; +http://www.google.com/bot.html)"
66.249.65.126 - - [12/Mar/2017:09:28:04 -0400] "GET /favicon.ico HTTP/1.1" 404 294 "-" "Googlebot-Image/1.0"
66.249.65.189 - - [12/Mar/2017:09:34:41 -0400] "GET / HTTP/1.1" 200 16942 "-" "Mozilla/5.0 (compatible; Googlebot/2.1; +http://www.google.com/bot.html)"
66.249.65.128 - - [12/Mar/2017:09:34:43 -0400] "GET / HTTP/1.1" 200 16942 "-" "Mozilla/5.0 (compatible; Googlebot/2.1; +http://www.google.com/bot.html)"
77.75.79.101 - - [12/Mar/2017:10:10:16 -0400] "GET /booster-systems HTTP/1.1" 200 16744 "-" "Mozilla/5.0 (compatible; SeznamBot/3.2; +http://napoveda.seznam.cz/en/seznambot-intro/)"
131.253.25.183 - - [12/Mar/2017:10:21:39 -0400] "GET /modules/system/system.messages.css?mx1aco HTTP/1.1" 200 961 "http://www.richtek.ca/staff" "Mozilla/5.0 (Windows NT 6.1; WOW64) AppleWebKit/534+ (KHTML, like Gecko) BingPreview/1.0b"
131.253.25.183 - - [12/Mar/2017:10:21:39 -0400] "GET /modules/system/system.menus.css?mx1aco HTTP/1.1" 200 2035 "http://www.richtek.ca/staff" "Mozilla/5.0 (Windows NT 6.1; WOW64) AppleWebKit/534+ (KHTML, like Gecko) BingPreview/1.0b"
131.253.25.183 - - [12/Mar/2017:10:21:39 -0400] "GET /modules/system/system.theme.css?mx1aco HTTP/1.1" 200 3711 "http://www.richtek.ca/staff" "Mozilla/5.0 (Windows NT 6.1; WOW64) AppleWebKit/534+ (KHTML, like Gecko) BingPreview/1.0b"
131.253.25.183 - - [12/Mar/2017:10:21:39 -0400] "GET /modules/system/system.base.css?mx1aco HTTP/1.1" 200 5350 "http://www.richtek.ca/staff" "Mozilla/5.0 (Windows NT 6.1; WOW64) AppleWebKit/534+ (KHTML, like Gecko) BingPreview/1.0b"
131.253.25.183 - - [12/Mar/2017:10:21:39 -0400] "GET /modules/user/user.css?mx1aco HTTP/1.1" 200 1827 "http://www.richtek.ca/staff" "Mozilla/5.0 (Windows NT 6.1; WOW64) AppleWebKit/534+ (KHTML, like Gecko) BingPreview/1.0b"
131.253.25.183 - - [12/Mar/2017:10:21:39 -0400] "GET /modules/field/theme/field.css?mx1aco HTTP/1.1" 200 550 "http://www.richtek.ca/staff" "Mozilla/5.0 (Windows NT 6.1; WOW64) AppleWebKit/534+ (KHTML, like Gecko) BingPreview/1.0b"
131.253.25.183 - - [12/Mar/2017:10:21:39 -0400] "GET /modules/node/node.css?mx1aco HTTP/1.1" 200 144 "http://www.richtek.ca/staff" "Mozilla/5.0 (Windows NT 6.1; WOW64) AppleWebKit/534+ (KHTML, like Gecko) BingPreview/1.0b"
131.253.25.183 - - [12/Mar/2017:10:21:39 -0400] "GET /sites/all/modules/views/css/views.css?mx1aco HTTP/1.1" 200 707 "http://www.richtek.ca/staff" "Mozilla/5.0 (Windows NT 6.1; WOW64) AppleWebKit/534+ (KHTML, like Gecko) BingPreview/1.0b"
131.253.25.183 - - [12/Mar/2017:10:21:40 -0400] "GET /sites/all/modules/views_slideshow/views_slideshow.css?mx1aco HTTP/1.1" 200 155 "http://www.richtek.ca/staff" "Mozilla/5.0 (Windows NT 6.1; WOW64) AppleWebKit/534+ (KHTML, like Gecko) BingPreview/1.0b"
131.253.25.183 - - [12/Mar/2017:10:21:40 -0400] "GET /sites/all/modules/ctools/css/ctools.css?mx1aco HTTP/1.1" 200 509 "http://www.richtek.ca/staff" "Mozilla/5.0 (Windows NT 6.1; WOW64) AppleWebKit/534+ (KHTML, like Gecko) BingPreview/1.0b"
131.253.25.183 - - [12/Mar/2017:10:21:40 -0400] "GET /sites/all/modules/colorbox/styles/plain/colorbox_style.css?mx1aco HTTP/1.1" 200 3290 "http://www.richtek.ca/staff" "Mozilla/5.0 (Windows NT 6.1; WOW64) AppleWebKit/534+ (KHTML, like Gecko) BingPreview/1.0b"
131.253.25.183 - - [12/Mar/2017:10:21:40 -0400] "GET /sites/all/themes/adaptivetheme/at_core/css/at.layout.css?mx1aco HTTP/1.1" 200 688 "http://www.richtek.ca/staff" "Mozilla/5.0 (Windows NT 6.1; WOW64) AppleWebKit/534+ (KHTML, like Gecko) BingPreview/1.0b"
131.253.25.183 - - [12/Mar/2017:10:21:40 -0400] "GET /sites/all/themes/richtek/css/responsive.tablet.landscape.css?mx1aco HTTP/1.1" 200 351 "http://www.richtek.ca/staff" "Mozilla/5.0 (Windows NT 6.1; WOW64) AppleWebKit/534+ (KHTML, like Gecko) BingPreview/1.0b"
131.253.25.183 - - [12/Mar/2017:10:21:40 -0400] "GET /sites/all/themes/richtek/css/global.base.css?mx1aco HTTP/1.1" 200 13275 "http://www.richtek.ca/staff" "Mozilla/5.0 (Windows NT 6.1; WOW64) AppleWebKit/534+ (KHTML, like Gecko) BingPreview/1.0b"
131.253.25.183 - - [12/Mar/2017:10:21:40 -0400] "GET /misc/jquery.js?v=1.4.4 HTTP/1.1" 200 78602 "http://www.richtek.ca/staff" "Mozilla/5.0 (Windows NT 6.1; WOW64) AppleWebKit/534+ (KHTML, like Gecko) BingPreview/1.0b"
131.253.25.183 - - [12/Mar/2017:10:21:40 -0400] "GET /misc/jquery.once.js?v=1.2 HTTP/1.1" 200 2974 "http://www.richtek.ca/staff" "Mozilla/5.0 (Windows NT 6.1; WOW64) AppleWebKit/534+ (KHTML, like Gecko) BingPreview/1.0b"
131.253.25.183 - - [12/Mar/2017:10:21:41 -0400] "GET /misc/drupal.js?mx1aco HTTP/1.1" 200 14544 "http://www.richtek.ca/staff" "Mozilla/5.0 (Windows NT 6.1; WOW64) AppleWebKit/534+ (KHTML, like Gecko) BingPreview/1.0b"
131.253.25.183 - - [12/Mar/2017:10:21:41 -0400] "GET /sites/all/modules/admin_menu/admin_devel/admin_devel.js?mx1aco HTTP/1.1" 200 982 "http://www.richtek.ca/staff" "Mozilla/5.0 (Windows NT 6.1; WOW64) AppleWebKit/534+ (KHTML, like Gecko) BingPreview/1.0b"
131.253.25.183 - - [12/Mar/2017:10:21:41 -0400] "GET /sites/all/libraries/colorbox/jquery.colorbox-min.js?mx1aco HTTP/1.1" 200 11095 "http://www.richtek.ca/staff" "Mozilla/5.0 (Windows NT 6.1; WOW64) AppleWebKit/534+ (KHTML, like Gecko) BingPreview/1.0b"
131.253.25.183 - - [12/Mar/2017:10:21:41 -0400] "GET /sites/all/modules/colorbox/js/colorbox.js?mx1aco HTTP/1.1" 200 373 "http://www.richtek.ca/staff" "Mozilla/5.0 (Windows NT 6.1; WOW64) AppleWebKit/534+ (KHTML, like Gecko) BingPreview/1.0b"
131.253.25.183 - - [12/Mar/2017:10:21:41 -0400] "GET /sites/all/modules/colorbox/js/colorbox_load.js?mx1aco HTTP/1.1" 200 1144 "http://www.richtek.ca/staff" "Mozilla/5.0 (Windows NT 6.1; WOW64) AppleWebKit/534+ (KHTML, like Gecko) BingPreview/1.0b"
131.253.25.183 - - [12/Mar/2017:10:21:42 -0400] "GET /sites/all/modules/colorbox/js/colorbox_inline.js?mx1aco HTTP/1.1" 200 1826 "http://www.richtek.ca/staff" "Mozilla/5.0 (Windows NT 6.1; WOW64) AppleWebKit/534+ (KHTML, like Gecko) BingPreview/1.0b"
131.253.25.183 - - [12/Mar/2017:10:21:42 -0400] "GET /sites/all/modules/views_slideshow/js/views_slideshow.js?mx1aco HTTP/1.1" 200 19256 "http://www.richtek.ca/staff" "Mozilla/5.0 (Windows NT 6.1; WOW64) AppleWebKit/534+ (KHTML, like Gecko) BingPreview/1.0b"
131.253.25.183 - - [12/Mar/2017:10:21:42 -0400] "GET /sites/all/modules/views_slideshow/contrib/views_slideshow_cycle/js/views_slideshow_cycle.js?mx1aco HTTP/1.1" 200 22528 "http://www.richtek.ca/staff" "Mozilla/5.0 (Windows NT 6.1; WOW64) AppleWebKit/534+ (KHTML, like Gecko) BingPreview/1.0b"
131.253.25.183 - - [12/Mar/2017:10:21:43 -0400] "GET /sites/all/themes/richtek/images/richtek-logo.png HTTP/1.1" 200 8445 "http://www.richtek.ca/staff" "Mozilla/5.0 (Windows NT 6.1; WOW64) AppleWebKit/534+ (KHTML, like Gecko) BingPreview/1.0b"
131.253.25.183 - - [12/Mar/2017:10:21:43 -0400] "GET /sites/default/files/styles/front_page_slider/public/fp-slider-images/slide-hosemonster.jpg?itok=uo14J-IO HTTP/1.1" 200 29540 "http://www.richtek.ca/staff" "Mozilla/5.0 (Windows NT 6.1; WOW64) AppleWebKit/534+ (KHTML, like Gecko) BingPreview/1.0b"
131.253.25.183 - - [12/Mar/2017:10:21:43 -0400] "GET /sites/all/themes/richtek/css/responsive.smartphone.portrait.css?mx1aco HTTP/1.1" 200 1348 "http://www.richtek.ca/staff" "Mozilla/5.0 (Windows NT 6.1; WOW64) AppleWebKit/534+ (KHTML, like Gecko) BingPreview/1.0b"
131.253.25.183 - - [12/Mar/2017:10:21:43 -0400] "GET /sites/all/themes/richtek/css/responsive.smartphone.landscape.css?mx1aco HTTP/1.1" 200 1348 "http://www.richtek.ca/staff" "Mozilla/5.0 (Windows NT 6.1; WOW64) AppleWebKit/534+ (KHTML, like Gecko) BingPreview/1.0b"
131.253.25.183 - - [12/Mar/2017:10:21:43 -0400] "GET /sites/all/themes/richtek/css/responsive.tablet.portrait.css?mx1aco HTTP/1.1" 200 410 "http://www.richtek.ca/staff" "Mozilla/5.0 (Windows NT 6.1; WOW64) AppleWebKit/534+ (KHTML, like Gecko) BingPreview/1.0b"
77.88.47.39 - - [12/Mar/2017:10:35:14 -0400] "GET /links HTTP/1.1" 200 20051 "-" "Mozilla/5.0 (compatible; YandexBot/3.0; +http://yandex.com/bots)"
77.88.47.39 - - [12/Mar/2017:10:35:33 -0400] "GET /staff HTTP/1.1" 200 17297 "-" "Mozilla/5.0 (compatible; YandexBot/3.0; +http://yandex.com/bots)"
66.249.65.126 - - [12/Mar/2017:10:56:12 -0400] "GET / HTTP/1.1" 200 17094 "-" "Mozilla/5.0 (Linux; Android 6.0.1; Nexus 5X Build/MMB29P) AppleWebKit/537.36 (KHTML, like Gecko) Chrome/41.0.2272.96 Mobile Safari/537.36 (compatible; Googlebot/2.1; +http://www.google.com/bot.html)"
35.167.172.131 - - [12/Mar/2017:12:01:23 -0400] "GET /wp-login.php HTTP/1.1" 404 14736 "-" "Mozilla/5.0 (Windows NT 6.1; WOW64; rv:40.0) Gecko/20100101 Firefox/40.1"
104.131.67.60 - - [12/Mar/2017:12:09:13 -0400] "GET /robots.txt HTTP/1.1" 200 1561 "-" "Mozilla/5.0 (compatible; spbot/5.0.3; +http://OpenLinkProfiler.org/bot )"
104.131.67.60 - - [12/Mar/2017:12:09:24 -0400] "GET / HTTP/1.1" 200 17094 "-" "Mozilla/5.0 (compatible; spbot/5.0.3; +http://OpenLinkProfiler.org/bot )"
104.131.67.60 - - [12/Mar/2017:12:09:27 -0400] "GET /links HTTP/1.1" 200 20203 "http://www.richtek.ca/" "Mozilla/5.0 (compatible; spbot/5.0.3; +http://OpenLinkProfiler.org/bot )"
104.131.67.60 - - [12/Mar/2017:12:09:35 -0400] "GET /staff HTTP/1.1" 200 17449 "http://www.richtek.ca/" "Mozilla/5.0 (compatible; spbot/5.0.3; +http://OpenLinkProfiler.org/bot )"
104.131.67.60 - - [12/Mar/2017:12:09:44 -0400] "GET /photos HTTP/1.1" 200 22257 "http://www.richtek.ca/" "Mozilla/5.0 (compatible; spbot/5.0.3; +http://OpenLinkProfiler.org/bot )"
104.131.67.60 - - [12/Mar/2017:12:09:54 -0400] "GET /history HTTP/1.1" 200 18061 "http://www.richtek.ca/" "Mozilla/5.0 (compatible; spbot/5.0.3; +http://OpenLinkProfiler.org/bot )"
104.131.67.60 - - [12/Mar/2017:12:10:04 -0400] "GET /flow-meters HTTP/1.1" 200 16911 "http://www.richtek.ca/" "Mozilla/5.0 (compatible; spbot/5.0.3; +http://OpenLinkProfiler.org/bot )"
104.131.67.60 - - [12/Mar/2017:12:10:14 -0400] "GET /commissioning HTTP/1.1" 200 16921 "http://www.richtek.ca/" "Mozilla/5.0 (compatible; spbot/5.0.3; +http://OpenLinkProfiler.org/bot )"
104.131.67.60 - - [12/Mar/2017:12:10:23 -0400] "GET /booster-systems HTTP/1.1" 200 16744 "http://www.richtek.ca/" "Mozilla/5.0 (compatible; spbot/5.0.3; +http://OpenLinkProfiler.org/bot )"
104.131.67.60 - - [12/Mar/2017:12:10:34 -0400] "GET /fire-pump-systems HTTP/1.1" 200 16793 "http://www.richtek.ca/" "Mozilla/5.0 (compatible; spbot/5.0.3; +http://OpenLinkProfiler.org/bot )"
104.131.67.60 - - [12/Mar/2017:12:10:44 -0400] "GET /pressure-reducing-valves HTTP/1.1" 200 16829 "http://www.richtek.ca/" "Mozilla/5.0 (compatible; spbot/5.0.3; +http://OpenLinkProfiler.org/bot )"
66.249.75.176 - - [12/Mar/2017:12:43:01 -0400] "GET / HTTP/1.1" 200 16942 "-" "Mozilla/5.0 (compatible; Googlebot/2.1; +http://www.google.com/bot.html)"
66.249.75.176 - - [12/Mar/2017:12:43:03 -0400] "GET / HTTP/1.1" 200 16942 "-" "Mozilla/5.0 (compatible; Googlebot/2.1; +http://www.google.com/bot.html)"
47.150.129.197 - - [12/Mar/2017:13:58:50 -0400] "GET /robots.txt HTTP/1.1" 200 1561 "-" "Mozilla/5.0 (Windows NT 6.3; WOW64; rv:45.0) Gecko/20100101 Firefox/45.0"
47.150.129.197 - - [12/Mar/2017:13:58:55 -0400] "GET /robots.txt HTTP/1.1" 200 1561 "-" "Mozilla/5.0 (Windows NT 6.3; WOW64; rv:45.0) Gecko/20100101 Firefox/45.0"
199.58.164.116 - - [12/Mar/2017:14:37:08 -0400] "HEAD / HTTP/1.1" 200 - "http://uptime.com/richtek.ca" "Mozilla/5.0 (compatible; Uptimebot/1.0; +http://www.uptime.com/uptimebot)"
51.255.65.72 - - [12/Mar/2017:15:00:04 -0400] "GET /sites/default/files/styles/840/public/photos/open%20controller.jpg?itok=CviMvQii HTTP/1.1" 200 147111 "-" "Mozilla/5.0 (compatible; AhrefsBot/5.2; +http://ahrefs.com/robot/)"
66.249.75.41 - - [12/Mar/2017:15:41:02 -0400] "GET /robots.txt HTTP/1.1" 200 1561 "-" "Mozilla/5.0 (compatible; Googlebot/2.1; +http://www.google.com/bot.html)"
66.249.75.38 - - [12/Mar/2017:15:41:02 -0400] "GET / HTTP/1.1" 200 17094 "-" "Mozilla/5.0 (Linux; Android 6.0.1; Nexus 5X Build/MMB29P) AppleWebKit/537.36 (KHTML, like Gecko) Chrome/41.0.2272.96 Mobile Safari/537.36 (compatible; Googlebot/2.1; +http://www.google.com/bot.html)"
157.55.39.150 - - [12/Mar/2017:15:52:26 -0400] "GET / HTTP/1.1" 200 17094 "-" "Mozilla/5.0 (compatible; bingbot/2.0; +http://www.bing.com/bingbot.htm)"
220.181.51.120 - - [12/Mar/2017:16:23:12 -0400] "GET /robots.txt HTTP/1.1" 200 1561 "-" "Mozilla/5.0 (Windows NT 10.0; WOW64) AppleWebKit/537.36 (KHTML, like Gecko) Chrome/45.0.2454.93 Safari/537.36"
207.46.13.231 - - [12/Mar/2017:16:49:51 -0400] "GET /robots.txt HTTP/1.1" 200 1561 "-" "Mozilla/5.0 (compatible; bingbot/2.0; +http://www.bing.com/bingbot.htm)"
207.46.13.231 - - [12/Mar/2017:16:49:51 -0400] "GET /robots.txt HTTP/1.1" 200 1561 "-" "Mozilla/5.0 (compatible; bingbot/2.0; +http://www.bing.com/bingbot.htm)"
157.55.39.150 - - [12/Mar/2017:16:50:07 -0400] "GET / HTTP/1.1" 200 17094 "-" "Mozilla/5.0 (compatible; bingbot/2.0; +http://www.bing.com/bingbot.htm)"
77.75.76.171 - - [12/Mar/2017:16:59:04 -0400] "GET /robots.txt HTTP/1.1" 200 1561 "-" "Mozilla/5.0 (compatible; SeznamBot/3.2; +http://napoveda.seznam.cz/en/seznambot-intro/)"
77.75.76.171 - - [12/Mar/2017:16:59:14 -0400] "GET /flow-meters HTTP/1.1" 200 16911 "-" "Mozilla/5.0 (compatible; SeznamBot/3.2; +http://napoveda.seznam.cz/en/seznambot-intro/)"
180.76.15.11 - - [12/Mar/2017:17:05:48 -0400] "GET /sites/all/modules/colorbox/styles/plain/colorbox_style.css?mx1aco HTTP/1.1" 200 3290 "-" "Mozilla/5.0 (compatible; Baiduspider/2.0; +http://www.baidu.com/search/spider.html)"
66.249.75.41 - - [12/Mar/2017:17:06:42 -0400] "GET / HTTP/1.1" 200 17094 "-" "Mozilla/5.0 (compatible; Googlebot/2.1; +http://www.google.com/bot.html)"
66.249.75.38 - - [12/Mar/2017:17:19:52 -0400] "GET /sites/all/themes/richtek/images/logo-rep-firetrol.png HTTP/1.1" 304 - "-" "Googlebot-Image/1.0"
180.76.15.144 - - [12/Mar/2017:17:48:42 -0400] "GET / HTTP/1.1" 200 16942 "-" "Mozilla/5.0 (compatible; Baiduspider/2.0; +http://www.baidu.com/search/spider.html)"
180.76.15.25 - - [12/Mar/2017:17:50:05 -0400] "GET / HTTP/1.1" 200 16942 "-" "Mozilla/5.0 (compatible; Baiduspider/2.0; +http://www.baidu.com/search/spider.html)"
66.249.75.38 - - [12/Mar/2017:17:52:41 -0400] "GET / HTTP/1.1" 200 17094 "-" "Mozilla/5.0 (Linux; Android 6.0.1; Nexus 5X Build/MMB29P) AppleWebKit/537.36 (KHTML, like Gecko) Chrome/41.0.2272.96 Mobile Safari/537.36 (compatible; Googlebot/2.1; +http://www.google.com/bot.html)"
209.95.182.142 - - [12/Mar/2017:18:20:33 -0400] "GET / HTTP/1.1" 200 16942 "-" "=Mozilla/5.0 (Windows; U; Windows NT 6.1; en-US) AppleWebKit/534.16 (KHTML, like Gecko) Chrome/10.0.648.204 Safari/534.16"
66.249.75.180 - - [12/Mar/2017:18:43:42 -0400] "GET / HTTP/1.1" 200 16942 "-" "Mozilla/5.0 (Linux; Android 6.0.1; Nexus 5X Build/MMB29P) AppleWebKit/537.36 (KHTML, like Gecko) Chrome/41.0.2272.96 Mobile Safari/537.36 (compatible; Googlebot/2.1; +http://www.google.com/bot.html)"
157.55.39.173 - - [12/Mar/2017:19:44:01 -0400] "GET /robots.txt HTTP/1.1" 200 1561 "-" "Mozilla/5.0 (compatible; bingbot/2.0; +http://www.bing.com/bingbot.htm)"
157.55.39.150 - - [12/Mar/2017:19:45:00 -0400] "GET / HTTP/1.1" 200 16942 "-" "Mozilla/5.0 (compatible; bingbot/2.0; +http://www.bing.com/bingbot.htm)"
180.76.15.145 - - [12/Mar/2017:19:53:56 -0400] "GET / HTTP/1.1" 200 17094 "-" "Mozilla/5.0 (compatible; Baiduspider/2.0; +http://www.baidu.com/search/spider.html)"
180.76.15.144 - - [12/Mar/2017:19:55:35 -0400] "GET / HTTP/1.1" 200 17094 "-" "Mozilla/5.0 (compatible; Baiduspider/2.0; +http://www.baidu.com/search/spider.html)"
180.76.15.140 - - [12/Mar/2017:20:53:54 -0400] "GET / HTTP/1.1" 200 17094 "-" "Mozilla/5.0 (compatible; Baiduspider/2.0; +http://www.baidu.com/search/spider.html)"
180.76.15.154 - - [12/Mar/2017:20:55:27 -0400] "GET / HTTP/1.1" 200 17094 "-" "Mozilla/5.0 (compatible; Baiduspider/2.0; +http://www.baidu.com/search/spider.html)"
104.238.180.234 - - [12/Mar/2017:21:27:28 -0400] "GET / HTTP/1.1" 200 16942 "http://w3data.co/profile.php?lookup=richtek.ca" "Mozilla/5.0 (Windows NT 6.1; WOW64) AppleWebKit/537.36 (KHTML, like Gecko) Chrome/40.0.2214.115 Safari/537.36"
66.249.75.180 - - [12/Mar/2017:21:36:42 -0400] "GET / HTTP/1.1" 200 16942 "-" "Mozilla/5.0 (compatible; Googlebot/2.1; +http://www.google.com/bot.html)"
180.76.15.145 - - [12/Mar/2017:22:01:44 -0400] "GET / HTTP/1.1" 200 16942 "-" "Mozilla/5.0 (compatible; Baiduspider/2.0; +http://www.baidu.com/search/spider.html)"
93.160.60.32 - - [12/Mar/2017:22:14:37 -0400] "GET / HTTP/1.1" 200 16942 "-" "Mozilla/4.0 (compatible; MSIE 7.0; Windows NT 5.0) Match by Siteimprove.com"
60.251.152.25 - - [12/Mar/2017:22:14:56 -0400] "GET /sites/all/themes/richtek/images/richtek-logo.png HTTP/1.1" 200 8445 "-" "Mozilla/5.0 (Windows NT 6.3; WOW64; rv:29.0) Gecko/20100101 Firefox/29.0"
77.88.47.39 - - [12/Mar/2017:22:30:06 -0400] "GET /robots.txt HTTP/1.1" 200 1561 "-" "Mozilla/5.0 (compatible; YandexBot/3.0; +http://yandex.com/bots)"
100.43.85.9 - - [12/Mar/2017:22:30:06 -0400] "GET /robots.txt HTTP/1.1" 200 1561 "-" "Mozilla/5.0 (compatible; YandexBot/3.0; +http://yandex.com/bots)"
77.88.47.39 - - [12/Mar/2017:22:30:26 -0400] "GET / HTTP/1.1" 200 16942 "-" "Mozilla/5.0 (compatible; YandexBot/3.0; +http://yandex.com/bots)"
100.43.85.9 - - [12/Mar/2017:22:30:26 -0400] "GET / HTTP/1.1" 200 17094 "-" "Mozilla/5.0 (compatible; YandexBot/3.0; +http://yandex.com/bots)"
66.249.75.44 - - [12/Mar/2017:22:37:31 -0400] "GET / HTTP/1.1" 200 17094 "-" "Mozilla/5.0 (compatible; Googlebot/2.1; +http://www.google.com/bot.html)"
66.249.75.44 - - [12/Mar/2017:22:37:34 -0400] "GET /sites/all/modules/views_slideshow/views_slideshow.css?mx1aco HTTP/1.1" 200 155 "http://www.richtek.ca/" "Mozilla/5.0 (compatible; Googlebot/2.1; +http://www.google.com/bot.html)"
66.249.75.41 - - [12/Mar/2017:22:37:34 -0400] "GET /sites/all/modules/ctools/css/ctools.css?mx1aco HTTP/1.1" 200 509 "http://www.richtek.ca/" "Mozilla/5.0 (compatible; Googlebot/2.1; +http://www.google.com/bot.html)"
66.249.75.44 - - [12/Mar/2017:22:37:35 -0400] "GET /sites/all/modules/colorbox/styles/plain/colorbox_style.css?mx1aco HTTP/1.1" 200 3290 "http://www.richtek.ca/" "Mozilla/5.0 (compatible; Googlebot/2.1; +http://www.google.com/bot.html)"
66.249.75.44 - - [12/Mar/2017:22:37:35 -0400] "GET /sites/all/modules/views/css/views.css?mx1aco HTTP/1.1" 200 707 "http://www.richtek.ca/" "Mozilla/5.0 (compatible; Googlebot/2.1; +http://www.google.com/bot.html)"
66.249.75.38 - - [12/Mar/2017:22:37:36 -0400] "GET /sites/all/themes/richtek/css/global.base.css?mx1aco HTTP/1.1" 200 13275 "http://www.richtek.ca/" "Mozilla/5.0 (compatible; Googlebot/2.1; +http://www.google.com/bot.html)"
66.249.75.38 - - [12/Mar/2017:22:37:36 -0400] "GET /sites/all/modules/views_slideshow/contrib/views_slideshow_cycle/views_slideshow_cycle.css?mx1aco HTTP/1.1" 200 550 "http://www.richtek.ca/" "Mozilla/5.0 (compatible; Googlebot/2.1; +http://www.google.com/bot.html)"
66.249.75.41 - - [12/Mar/2017:22:37:37 -0400] "GET /sites/default/files/adaptivetheme/richtek_files/richtek.responsive.layout.css?mx1aco HTTP/1.1" 200 7863 "http://www.richtek.ca/" "Mozilla/5.0 (compatible; Googlebot/2.1; +http://www.google.com/bot.html)"
66.249.75.41 - - [12/Mar/2017:22:37:37 -0400] "GET /sites/all/themes/richtek/css/global.styles.css?mx1aco HTTP/1.1" 200 33798 "http://www.richtek.ca/" "Mozilla/5.0 (compatible; Googlebot/2.1; +http://www.google.com/bot.html)"
66.249.75.41 - - [12/Mar/2017:22:37:38 -0400] "GET /sites/all/themes/richtek/css/responsive.smartphone.portrait.css?mx1aco HTTP/1.1" 200 1348 "http://www.richtek.ca/" "Mozilla/5.0 (compatible; Googlebot/2.1; +http://www.google.com/bot.html)"
66.249.75.41 - - [12/Mar/2017:22:37:38 -0400] "GET /sites/all/themes/richtek/css/responsive.smartphone.landscape.css?mx1aco HTTP/1.1" 200 1348 "http://www.richtek.ca/" "Mozilla/5.0 (compatible; Googlebot/2.1; +http://www.google.com/bot.html)"
66.249.75.38 - - [12/Mar/2017:22:37:39 -0400] "GET /sites/all/modules/ckeditor/ckeditor.css?mx1aco HTTP/1.1" 200 3395 "http://www.richtek.ca/" "Mozilla/5.0 (compatible; Googlebot/2.1; +http://www.google.com/bot.html)"
66.249.75.41 - - [12/Mar/2017:22:37:39 -0400] "GET /sites/all/themes/richtek/css/responsive.tablet.landscape.css?mx1aco HTTP/1.1" 200 351 "http://www.richtek.ca/" "Mozilla/5.0 (compatible; Googlebot/2.1; +http://www.google.com/bot.html)"
66.249.75.38 - - [12/Mar/2017:22:37:40 -0400] "GET /sites/all/themes/adaptivetheme/at_core/css/at.layout.css?mx1aco HTTP/1.1" 200 688 "http://www.richtek.ca/" "Mozilla/5.0 (compatible; Googlebot/2.1; +http://www.google.com/bot.html)"
66.249.75.38 - - [12/Mar/2017:22:37:40 -0400] "GET /sites/all/themes/richtek/css/responsive.desktop.css?mx1aco HTTP/1.1" 200 350 "http://www.richtek.ca/" "Mozilla/5.0 (compatible; Googlebot/2.1; +http://www.google.com/bot.html)"
66.249.75.38 - - [12/Mar/2017:22:37:41 -0400] "GET /sites/all/themes/richtek/css/responsive.tablet.portrait.css?mx1aco HTTP/1.1" 200 410 "http://www.richtek.ca/" "Mozilla/5.0 (compatible; Googlebot/2.1; +http://www.google.com/bot.html)"
66.249.75.38 - - [12/Mar/2017:22:37:41 -0400] "GET /sites/all/themes/adaptivetheme/at_core/css/at.layout.css?mx1aco HTTP/1.1" 200 688 "-" "Mozilla/5.0 (compatible; Googlebot/2.1; +http://www.google.com/bot.html)"
66.249.75.38 - - [12/Mar/2017:22:37:42 -0400] "GET /sites/all/themes/richtek/css/responsive.tablet.portrait.css?mx1aco HTTP/1.1" 200 410 "-" "Mozilla/5.0 (compatible; Googlebot/2.1; +http://www.google.com/bot.html)"
66.249.75.38 - - [12/Mar/2017:22:37:42 -0400] "GET /sites/all/themes/richtek/css/responsive.desktop.css?mx1aco HTTP/1.1" 200 350 "-" "Mozilla/5.0 (compatible; Googlebot/2.1; +http://www.google.com/bot.html)"
217.69.133.169 - - [12/Mar/2017:22:44:18 -0400] "GET / HTTP/1.1" 200 16942 "-" "Mozilla/5.0 (X11; Linux x86_64; rv:18.0) Gecko/20100101 Firefox/18.0"
217.69.133.169 - - [12/Mar/2017:22:44:20 -0400] "GET /favicon.ico HTTP/1.1" 404 294 "-" "Mozilla/5.0 (X11; Linux x86_64; rv:18.0) Gecko/20100101 Firefox/18.0"
217.69.133.169 - - [12/Mar/2017:22:44:20 -0400] "GET /favicon.png HTTP/1.1" 404 294 "-" "Mozilla/5.0 (X11; Linux x86_64; rv:18.0) Gecko/20100101 Firefox/18.0"
66.249.75.172 - - [12/Mar/2017:22:57:52 -0400] "GET / HTTP/1.1" 200 16942 "-" "Mozilla/5.0 (compatible; Googlebot/2.1; +http://www.google.com/bot.html)"
66.249.75.180 - - [12/Mar/2017:22:57:55 -0400] "GET /sites/all/modules/ckeditor/ckeditor.css?mx1aco HTTP/1.1" 200 3395 "http://richtek.ca/" "Mozilla/5.0 (compatible; Googlebot/2.1; +http://www.google.com/bot.html)"
66.249.75.172 - - [12/Mar/2017:22:57:55 -0400] "GET /sites/all/modules/colorbox/styles/plain/colorbox_style.css?mx1aco HTTP/1.1" 200 3290 "http://richtek.ca/" "Mozilla/5.0 (compatible; Googlebot/2.1; +http://www.google.com/bot.html)"
66.249.75.176 - - [12/Mar/2017:22:57:56 -0400] "GET /sites/all/modules/views_slideshow/views_slideshow.css?mx1aco HTTP/1.1" 200 155 "http://richtek.ca/" "Mozilla/5.0 (compatible; Googlebot/2.1; +http://www.google.com/bot.html)"
66.249.75.172 - - [12/Mar/2017:22:57:56 -0400] "GET /sites/all/themes/richtek/css/responsive.desktop.css?mx1aco HTTP/1.1" 200 350 "http://richtek.ca/" "Mozilla/5.0 (compatible; Googlebot/2.1; +http://www.google.com/bot.html)"
66.249.75.176 - - [12/Mar/2017:22:57:57 -0400] "GET /sites/all/modules/views_slideshow/contrib/views_slideshow_cycle/views_slideshow_cycle.css?mx1aco HTTP/1.1" 200 550 "http://richtek.ca/" "Mozilla/5.0 (compatible; Googlebot/2.1; +http://www.google.com/bot.html)"
66.249.75.172 - - [12/Mar/2017:22:57:57 -0400] "GET /sites/all/themes/richtek/css/responsive.tablet.portrait.css?mx1aco HTTP/1.1" 200 410 "http://richtek.ca/" "Mozilla/5.0 (compatible; Googlebot/2.1; +http://www.google.com/bot.html)"
66.249.75.172 - - [12/Mar/2017:22:57:58 -0400] "GET /sites/all/modules/ctools/css/ctools.css?mx1aco HTTP/1.1" 200 509 "http://richtek.ca/" "Mozilla/5.0 (compatible; Googlebot/2.1; +http://www.google.com/bot.html)"
66.249.75.172 - - [12/Mar/2017:22:57:58 -0400] "GET /sites/all/themes/richtek/css/global.styles.css?mx1aco HTTP/1.1" 200 33798 "http://richtek.ca/" "Mozilla/5.0 (compatible; Googlebot/2.1; +http://www.google.com/bot.html)"
66.249.75.176 - - [12/Mar/2017:22:57:59 -0400] "GET /sites/all/themes/richtek/css/responsive.smartphone.landscape.css?mx1aco HTTP/1.1" 200 1348 "http://richtek.ca/" "Mozilla/5.0 (compatible; Googlebot/2.1; +http://www.google.com/bot.html)"
66.249.75.176 - - [12/Mar/2017:22:57:59 -0400] "GET /sites/all/themes/richtek/css/responsive.tablet.landscape.css?mx1aco HTTP/1.1" 200 351 "http://richtek.ca/" "Mozilla/5.0 (compatible; Googlebot/2.1; +http://www.google.com/bot.html)"
66.249.75.172 - - [12/Mar/2017:22:58:00 -0400] "GET /sites/all/themes/richtek/css/global.base.css?mx1aco HTTP/1.1" 200 13275 "http://richtek.ca/" "Mozilla/5.0 (compatible; Googlebot/2.1; +http://www.google.com/bot.html)"
66.249.75.172 - - [12/Mar/2017:22:58:00 -0400] "GET /sites/all/themes/adaptivetheme/at_core/css/at.layout.css?mx1aco HTTP/1.1" 200 688 "http://richtek.ca/" "Mozilla/5.0 (compatible; Googlebot/2.1; +http://www.google.com/bot.html)"
66.249.75.172 - - [12/Mar/2017:22:58:01 -0400] "GET /sites/default/files/adaptivetheme/richtek_files/richtek.responsive.layout.css?mx1aco HTTP/1.1" 200 7863 "http://richtek.ca/" "Mozilla/5.0 (compatible; Googlebot/2.1; +http://www.google.com/bot.html)"
66.249.75.172 - - [12/Mar/2017:22:58:01 -0400] "GET /sites/all/modules/views/css/views.css?mx1aco HTTP/1.1" 200 707 "http://richtek.ca/" "Mozilla/5.0 (compatible; Googlebot/2.1; +http://www.google.com/bot.html)"
66.249.75.172 - - [12/Mar/2017:22:58:02 -0400] "GET /sites/all/themes/richtek/css/responsive.smartphone.portrait.css?mx1aco HTTP/1.1" 200 1348 "http://richtek.ca/" "Mozilla/5.0 (compatible; Googlebot/2.1; +http://www.google.com/bot.html)"
66.249.75.172 - - [12/Mar/2017:22:58:02 -0400] "GET /sites/default/files/adaptivetheme/richtek_files/richtek.responsive.layout.css?mx1aco HTTP/1.1" 200 7863 "-" "Mozilla/5.0 (compatible; Googlebot/2.1; +http://www.google.com/bot.html)"
66.249.75.172 - - [12/Mar/2017:22:58:03 -0400] "GET /sites/all/themes/richtek/css/responsive.smartphone.portrait.css?mx1aco HTTP/1.1" 200 1348 "-" "Mozilla/5.0 (compatible; Googlebot/2.1; +http://www.google.com/bot.html)"
66.249.75.172 - - [12/Mar/2017:22:58:03 -0400] "GET /sites/all/modules/views/css/views.css?mx1aco HTTP/1.1" 200 707 "-" "Mozilla/5.0 (compatible; Googlebot/2.1; +http://www.google.com/bot.html)"
66.249.75.172 - - [12/Mar/2017:22:58:04 -0400] "GET /sites/all/themes/richtek/css/global.base.css?mx1aco HTTP/1.1" 200 13275 "-" "Mozilla/5.0 (compatible; Googlebot/2.1; +http://www.google.com/bot.html)"
66.249.75.172 - - [12/Mar/2017:22:58:04 -0400] "GET /sites/all/themes/adaptivetheme/at_core/css/at.layout.css?mx1aco HTTP/1.1" 200 688 "-" "Mozilla/5.0 (compatible; Googlebot/2.1; +http://www.google.com/bot.html)"
178.137.83.166 - - [12/Mar/2017:23:49:26 -0400] "GET /robots.txt HTTP/1.1" 200 1561 "-" "Mozilla/5.0 (Windows NT 10.0; WOW64) AppleWebKit/537.36 (KHTML, like Gecko) Chrome/49.0.2623.75 Safari/537.36 OPR/36.0.2130.32"
178.137.83.166 - - [12/Mar/2017:23:49:29 -0400] "GET / HTTP/1.1" 200 17094 "-" "Mozilla/5.0 (Windows NT 10.0; WOW64) AppleWebKit/537.36 (KHTML, like Gecko) Chrome/49.0.2623.75 Safari/537.36 OPR/36.0.2130.32"
178.137.83.166 - - [12/Mar/2017:23:49:31 -0400] "GET /xmlrpc.php?rsd HTTP/1.1" 200 42 "-" "Mozilla/5.0 (Windows NT 10.0; WOW64) AppleWebKit/537.36 (KHTML, like Gecko) Chrome/49.0.2623.75 Safari/537.36 OPR/36.0.2130.32"
178.137.83.166 - - [12/Mar/2017:23:49:32 -0400] "GET /blog/robots.txt HTTP/1.1" 404 298 "-" "Mozilla/5.0 (Windows NT 10.0; WOW64) AppleWebKit/537.36 (KHTML, like Gecko) Chrome/49.0.2623.75 Safari/537.36 OPR/36.0.2130.32"
178.137.83.166 - - [12/Mar/2017:23:49:32 -0400] "GET /blog/ HTTP/1.1" 404 14867 "-" "Mozilla/5.0 (Windows NT 10.0; WOW64) AppleWebKit/537.36 (KHTML, like Gecko) Chrome/49.0.2623.75 Safari/537.36 OPR/36.0.2130.32"
178.137.83.166 - - [12/Mar/2017:23:49:34 -0400] "GET /wordpress/ HTTP/1.1" 404 14882 "-" "Mozilla/5.0 (Windows NT 10.0; WOW64) AppleWebKit/537.36 (KHTML, like Gecko) Chrome/49.0.2623.75 Safari/537.36 OPR/36.0.2130.32"
178.137.83.166 - - [12/Mar/2017:23:49:39 -0400] "GET /wp/ HTTP/1.1" 404 14861 "-" "Mozilla/5.0 (Windows NT 10.0; WOW64) AppleWebKit/537.36 (KHTML, like Gecko) Chrome/49.0.2623.75 Safari/537.36 OPR/36.0.2130.32"
185.9.233.4 - - [13/Mar/2017:00:25:47 -0400] "GET /?q=user/login HTTP/1.1" 200 17350 "-" "Mozilla/5.0 (Windows NT 6.1; rv:45.0) Gecko/20100101 Firefox/45.0"
185.9.233.4 - - [13/Mar/2017:00:25:50 -0400] "POST /?q=user/login HTTP/1.1" 200 17704 "http://richtek.ca/?q=user/login" "Mozilla/5.0 (Windows NT 6.1; rv:45.0) Gecko/20100101 Firefox/45.0"
77.88.47.39 - - [13/Mar/2017:00:52:15 -0400] "GET /sites/default/files/styles/front_page_slider/public/fp-slider-images/slide-hosemonster.jpg?itok=uo14J-IO HTTP/1.1" 304 - "-" "Mozilla/5.0 (compatible; YandexImages/3.0; +http://yandex.com/bots)"
180.76.15.153 - - [13/Mar/2017:00:55:49 -0400] "GET /sites/all/themes/richtek/css/responsive.desktop.css?mx1aco HTTP/1.1" 200 350 "-" "Mozilla/5.0 (compatible; Baiduspider/2.0; +http://www.baidu.com/search/spider.html)"
66.249.75.41 - - [13/Mar/2017:01:10:16 -0400] "GET /sites/default/files/styles/front_page_slider/public/fp-slider-images/slide-hosemonster.jpg?itok=uo14J-IO HTTP/1.1" 304 - "-" "Googlebot-Image/1.0"
100.43.85.9 - - [13/Mar/2017:01:33:28 -0400] "GET /commissioning HTTP/1.1" 200 16769 "-" "Mozilla/5.0 (iPhone; CPU iPhone OS 8_1 like Mac OS X) AppleWebKit/600.1.4 (KHTML, like Gecko) Version/8.0 Mobile/12B411 Safari/600.1.4 (compatible; YandexMobileBot/3.0; +http://yandex.com/bots)"
77.88.47.39 - - [13/Mar/2017:01:33:48 -0400] "GET /modules/field/theme/field.css?mx1aco HTTP/1.1" 200 550 "http://richtek.ca/commissioning" "Mozilla/5.0 (iPhone; CPU iPhone OS 8_1 like Mac OS X) AppleWebKit/600.1.4 (KHTML, like Gecko) Version/8.0 Mobile/12B411 Safari/600.1.4 (compatible; YandexMobileBot/3.0; +http://yandex.com/bots)"
77.88.47.39 - - [13/Mar/2017:01:34:08 -0400] "GET /modules/user/user.css?mx1aco HTTP/1.1" 200 1827 "http://richtek.ca/commissioning" "Mozilla/5.0 (iPhone; CPU iPhone OS 8_1 like Mac OS X) AppleWebKit/600.1.4 (KHTML, like Gecko) Version/8.0 Mobile/12B411 Safari/600.1.4 (compatible; YandexMobileBot/3.0; +http://yandex.com/bots)"
77.88.47.39 - - [13/Mar/2017:01:34:27 -0400] "GET /modules/system/system.theme.css?mx1aco HTTP/1.1" 200 3711 "http://richtek.ca/commissioning" "Mozilla/5.0 (iPhone; CPU iPhone OS 8_1 like Mac OS X) AppleWebKit/600.1.4 (KHTML, like Gecko) Version/8.0 Mobile/12B411 Safari/600.1.4 (compatible; YandexMobileBot/3.0; +http://yandex.com/bots)"
77.88.47.39 - - [13/Mar/2017:01:34:46 -0400] "GET /modules/system/system.messages.css?mx1aco HTTP/1.1" 200 961 "http://richtek.ca/commissioning" "Mozilla/5.0 (iPhone; CPU iPhone OS 8_1 like Mac OS X) AppleWebKit/600.1.4 (KHTML, like Gecko) Version/8.0 Mobile/12B411 Safari/600.1.4 (compatible; YandexMobileBot/3.0; +http://yandex.com/bots)"
77.88.47.39 - - [13/Mar/2017:01:35:05 -0400] "GET /misc/jquery.js?v=1.4.4 HTTP/1.1" 200 78602 "http://richtek.ca/commissioning" "Mozilla/5.0 (iPhone; CPU iPhone OS 8_1 like Mac OS X) AppleWebKit/600.1.4 (KHTML, like Gecko) Version/8.0 Mobile/12B411 Safari/600.1.4 (compatible; YandexMobileBot/3.0; +http://yandex.com/bots)"
